{"id":5064,"date":"2023-09-22T18:02:23","date_gmt":"2023-09-22T18:02:23","guid":{"rendered":"https:\/\/tpv-tenerife.com\/?post_type=product&#038;p=5064"},"modified":"2023-09-27T18:38:43","modified_gmt":"2023-09-27T18:38:43","slug":"programa-para-gestion-de-oficina-franquicias","status":"publish","type":"product","link":"https:\/\/tpv-tenerife.com\/?product=programa-para-gestion-de-oficina-franquicias","title":{"rendered":"Programa para Gesti\u00f3n de Oficina &#8211; Franquicias"},"content":{"rendered":"<p>&nbsp;<\/p>\n<h2><strong>Programa para Gesti\u00f3n de Oficina &#8211; Franquicias<\/strong><\/h2>\n<p>&nbsp;<\/p>\n<p><b>Software de gesti\u00f3n para oficinas<\/b><span style=\"font-weight: 400;\">, una herramienta de trabajo indispensable para gestionar varios negocios desde una aplicaci\u00f3n central desde la nube. F\u00e1cil de usar, intuitiva y no necesita configuraci\u00f3n adicional.<\/span><\/p>\n<p><span style=\"font-weight: 400;\">Este programa de gesti\u00f3n de empresas o software para franquicias te ayuda a planificar y gestionar de manera m\u00e1s f\u00e1cil y eficiente el trabajo. Alcanza tus objetivos m\u00e1s r\u00e1pido, conecta recursos y da seguimiento a los a los diferentes negocios desde una \u00fanica aplicaci\u00f3n en la nube.<\/span><\/p>\n<p><span style=\"font-weight: 400;\">Esta aplicaci\u00f3n en la nube se encarga de recibir todos los datos de los diferentes locales permitiendo as\u00ed poder obtener informes fusionados y comparativas de los todos los locales o bien de los locales seleccionados.<\/span><\/p>\n<p><span style=\"font-weight: 400;\">La gesti\u00f3n diaria se simplifica, ya que dispone de una \u00fanica aplicaci\u00f3n donde generar los diferentes productos que ser\u00e1n enviados a los locales seleccionados, de esta forma tendr\u00e1s la posibilidad de realizar modificaciones de precios en cada art\u00edculo de forma independiente por local.<\/span><\/p>\n<p><span style=\"font-weight: 400;\"><br \/>\nEn <\/span><b>software de gesti\u00f3n de oficina<\/b><span style=\"font-weight: 400;\">, la gesti\u00f3n de compras tambi\u00e9n se centraliza y permite tener mejor <\/span><b>gesti\u00f3n de stock<\/b><span style=\"font-weight: 400;\"> ya que en cualquier momento podr\u00e1s consultar el stock de un producto en cualquiera de tus locales.<\/span><\/p>\n<p><span style=\"font-weight: 400;\">Para la aplicaci\u00f3n <\/span><b>iaTPV<\/b><span style=\"font-weight: 400;\"> Gesti\u00f3n para Comercios, la integraci\u00f3n con el <\/span><b>BackOffice<\/b><span style=\"font-weight: 400;\"> es totalmente transparente y no necesita de ninguna configuraci\u00f3n adicional.<\/span><\/p>\n<p><span style=\"font-weight: 400;\">Son muchas las ventajas que el BackOffice puede aportarle a tu negocio. Si quieres saber m\u00e1s, p\u00f3nte en contacto con nosotros o solic\u00edtanos una demo del <\/span><b>Software de Gesti\u00f3n de Oficinas<\/b><span style=\"font-weight: 400;\">.<\/span><\/p>\n<p><span style=\"font-weight: 400;\">La <\/span><b>gesti\u00f3n de las empresas como los locales de una franquicia o de varios negocios<\/b><span style=\"font-weight: 400;\"> se realiza de una forma muy sencilla desde el BackOffice gesti\u00f3n de oficina en la TPV Empresas.<\/span><\/p>\n<p><span style=\"font-weight: 400;\">Esta aplicaci\u00f3n en la nube se encarga de recibir todos los datos de los diferentes locales permitiendo as\u00ed poder obtener informes fusionados y comparativas de los todos los locales o bien de los locales seleccionados, convirti\u00e9ndose en un excelente software para franquicias.<\/span><\/p>\n<p><b>La gesti\u00f3n diaria se simplifica, ya que dispone de una \u00fanica aplicaci\u00f3n donde generar los diferentes productos que ser\u00e1n enviados a los locales seleccionados<\/b><span style=\"font-weight: 400;\">, de esta forma tendr\u00e1s la posibilidad de realizar modificaciones de precios en cada art\u00edculo de forma independiente por local.<\/span><\/p>\n<p><b>En el software de gesti\u00f3n de empresa, la gesti\u00f3n de compras tambi\u00e9n se centraliza y permite tener mejor gesti\u00f3n de stock ya que en cualquier momento podr\u00e1s consultar el stock de un producto en cualquiera de tus locales.<\/b><\/p>\n<p><span style=\"font-weight: 400;\">Para la aplicaci\u00f3n iaTPV Gesti\u00f3n para Comercios, la integraci\u00f3n con el BackOffice es totalmente transparente y no necesita de ninguna configuraci\u00f3n adicional.<\/span><\/p>\n<p><span style=\"font-weight: 400;\">Dentro de los programas para empresas, el nuestro cuenta con las numerosas ventajas que el BackOffice puede aportarle a tu negocio y que te contamos a continuaci\u00f3n. Si quieres saber m\u00e1s, ponte en contacto con nosotros o solic\u00edtanos una demo del Software de Gesti\u00f3n de empresas sin compromiso.<\/span><\/p>\n<h3><b><br \/>\nAlgunas de las caracter\u00edsticas del BACKOFFICE de Comercios<\/b><\/h3>\n<p>&nbsp;<\/p>\n<p>&nbsp;<\/p>\n<ul>\n<li><span style=\"font-weight: 400;\">\u2705 Gesti\u00f3n multinegocio desde cualquier dispositivo, hora o lugar, lo \u00fanico que necesitas es conexi\u00f3n a Internet.<\/span><\/li>\n<li><span style=\"font-weight: 400;\">\u2705 Gesti\u00f3n de art\u00edculos desde la aplicaci\u00f3n central, manteniendo una \u00fanica base de datos de art\u00edculos para todos sus locales. Tambi\u00e9n podr\u00e1s activar los art\u00edculos de forma independiente por local o negocio.<\/span><\/li>\n<li><span style=\"font-weight: 400;\">\u2705 Posibilidad de tener el control del estado de caja de cada local.<\/span><\/li>\n<li><span style=\"font-weight: 400;\">\u2705 Informes y comparativas globales o por local.<\/span><\/li>\n<li><span style=\"font-weight: 400;\">\u2705 Gesti\u00f3n de tarifas de cada uno de los locales desde la aplicaci\u00f3n de gesti\u00f3n para franquicias.<\/span><\/li>\n<li><span style=\"font-weight: 400;\">\u2705 Herramientas para realizar inventarios o gesti\u00f3n de pedidos de compras a trav\u00e9s de tablets, pda\u2019s o lectores de c\u00f3digo de una forma muy eficiente.<\/span><\/li>\n<\/ul>\n","protected":false},"excerpt":{"rendered":"<p>&nbsp; Programa para Gesti\u00f3n de Oficina &#8211; Franquicias &nbsp; Software de gesti\u00f3n para oficinas, una herramienta de trabajo indispensable para gestionar varios negocios desde una aplicaci\u00f3n central desde la nube. F\u00e1cil de usar, intuitiva y no necesita configuraci\u00f3n adicional. Este programa de gesti\u00f3n de empresas o software para franquicias te ayuda a planificar y gestionar [&hellip;]<\/p>\n","protected":false},"featured_media":5065,"template":"","meta":[],"product_brand":[],"product_cat":[51,39],"product_tag":[145,143,144,130],"class_list":{"0":"post-5064","1":"product","2":"type-product","3":"status-publish","4":"has-post-thumbnail","6":"product_cat-software-tpv-y-gestion","7":"product_cat-soluciones-online","8":"product_tag-franquicia","9":"product_tag-gestion","10":"product_tag-oficina","11":"product_tag-programa","13":"first","14":"instock","15":"taxable","16":"shipping-taxable","17":"purchasable","18":"product-type-simple"},"yoast_head":"<!-- This site is optimized with the Yoast SEO plugin v27.5 - https:\/\/yoast.com\/product\/yoast-seo-wordpress\/ -->\n<title>Programa para Gesti\u00f3n de Oficina - Franquicias - TPV Tenerife<\/title>\n<meta name=\"description\" content=\"Programa para Gesti\u00f3n de Oficina - Franquicias, Software de gesti\u00f3n para oficinas, una herramienta de trabajo indispensable para gestionar varios negocios desde una aplicaci\u00f3n central desde la nube. F\u00e1cil de usar, intuitiva y no necesita configuraci\u00f3n adicional.Este programa de gesti\u00f3n de empresas o software para franquicias te ayuda a planificar y gestionar de manera m\u00e1s f\u00e1cil y eficiente el trabajo. Alcanza tus objetivos m\u00e1s r\u00e1pido, conecta recursos y da seguimiento a los a los diferentes negocios desde una \u00fanica aplicaci\u00f3n en la nube.\" \/>\n<meta name=\"robots\" content=\"index, follow, max-snippet:-1, max-image-preview:large, max-video-preview:-1\" \/>\n<link rel=\"canonical\" href=\"https:\/\/tpv-tenerife.com\/?product=programa-para-gestion-de-oficina-franquicias\" \/>\n<meta property=\"og:locale\" content=\"es_ES\" \/>\n<meta property=\"og:type\" content=\"article\" \/>\n<meta property=\"og:title\" content=\"Programa para Gesti\u00f3n de Oficina - Franquicias - TPV Tenerife\" \/>\n<meta property=\"og:description\" content=\"Programa para Gesti\u00f3n de Oficina - Franquicias, Software de gesti\u00f3n para oficinas, una herramienta de trabajo indispensable para gestionar varios negocios desde una aplicaci\u00f3n central desde la nube. F\u00e1cil de usar, intuitiva y no necesita configuraci\u00f3n adicional.Este programa de gesti\u00f3n de empresas o software para franquicias te ayuda a planificar y gestionar de manera m\u00e1s f\u00e1cil y eficiente el trabajo. Alcanza tus objetivos m\u00e1s r\u00e1pido, conecta recursos y da seguimiento a los a los diferentes negocios desde una \u00fanica aplicaci\u00f3n en la nube.\" \/>\n<meta property=\"og:url\" content=\"https:\/\/tpv-tenerife.com\/?product=programa-para-gestion-de-oficina-franquicias\" \/>\n<meta property=\"og:site_name\" content=\"TPV Tenerife\" \/>\n<meta property=\"article:modified_time\" content=\"2023-09-27T18:38:43+00:00\" \/>\n<meta property=\"og:image\" content=\"https:\/\/tpv-tenerife.com\/wp-content\/uploads\/2023\/09\/foto5.webp\" \/>\n\t<meta property=\"og:image:width\" content=\"619\" \/>\n\t<meta property=\"og:image:height\" content=\"421\" \/>\n\t<meta property=\"og:image:type\" content=\"image\/webp\" \/>\n<meta name=\"twitter:card\" content=\"summary_large_image\" \/>\n<meta name=\"twitter:label1\" content=\"Tiempo de lectura\" \/>\n\t<meta name=\"twitter:data1\" content=\"3 minutos\" \/>\n<script type=\"application\/ld+json\" class=\"yoast-schema-graph\">{\"@context\":\"https:\\\/\\\/schema.org\",\"@graph\":[{\"@type\":\"WebPage\",\"@id\":\"https:\\\/\\\/tpv-tenerife.com\\\/?product=programa-para-gestion-de-oficina-franquicias\",\"url\":\"https:\\\/\\\/tpv-tenerife.com\\\/?product=programa-para-gestion-de-oficina-franquicias\",\"name\":\"Programa para Gesti\u00f3n de Oficina - Franquicias - TPV Tenerife\",\"isPartOf\":{\"@id\":\"https:\\\/\\\/tpv-tenerife.com\\\/#website\"},\"primaryImageOfPage\":{\"@id\":\"https:\\\/\\\/tpv-tenerife.com\\\/?product=programa-para-gestion-de-oficina-franquicias#primaryimage\"},\"image\":{\"@id\":\"https:\\\/\\\/tpv-tenerife.com\\\/?product=programa-para-gestion-de-oficina-franquicias#primaryimage\"},\"thumbnailUrl\":\"https:\\\/\\\/tpv-tenerife.com\\\/wp-content\\\/uploads\\\/2023\\\/09\\\/foto5.webp\",\"datePublished\":\"2023-09-22T18:02:23+00:00\",\"dateModified\":\"2023-09-27T18:38:43+00:00\",\"description\":\"Programa para Gesti\u00f3n de Oficina - Franquicias, Software de gesti\u00f3n para oficinas, una herramienta de trabajo indispensable para gestionar varios negocios desde una aplicaci\u00f3n central desde la nube. F\u00e1cil de usar, intuitiva y no necesita configuraci\u00f3n adicional.Este programa de gesti\u00f3n de empresas o software para franquicias te ayuda a planificar y gestionar de manera m\u00e1s f\u00e1cil y eficiente el trabajo. Alcanza tus objetivos m\u00e1s r\u00e1pido, conecta recursos y da seguimiento a los a los diferentes negocios desde una \u00fanica aplicaci\u00f3n en la nube.\",\"breadcrumb\":{\"@id\":\"https:\\\/\\\/tpv-tenerife.com\\\/?product=programa-para-gestion-de-oficina-franquicias#breadcrumb\"},\"inLanguage\":\"es\",\"potentialAction\":[{\"@type\":\"ReadAction\",\"target\":[\"https:\\\/\\\/tpv-tenerife.com\\\/?product=programa-para-gestion-de-oficina-franquicias\"]}]},{\"@type\":\"ImageObject\",\"inLanguage\":\"es\",\"@id\":\"https:\\\/\\\/tpv-tenerife.com\\\/?product=programa-para-gestion-de-oficina-franquicias#primaryimage\",\"url\":\"https:\\\/\\\/tpv-tenerife.com\\\/wp-content\\\/uploads\\\/2023\\\/09\\\/foto5.webp\",\"contentUrl\":\"https:\\\/\\\/tpv-tenerife.com\\\/wp-content\\\/uploads\\\/2023\\\/09\\\/foto5.webp\",\"width\":619,\"height\":421,\"caption\":\"Programa para Gesti\u00f3n de Oficina\"},{\"@type\":\"BreadcrumbList\",\"@id\":\"https:\\\/\\\/tpv-tenerife.com\\\/?product=programa-para-gestion-de-oficina-franquicias#breadcrumb\",\"itemListElement\":[{\"@type\":\"ListItem\",\"position\":1,\"name\":\"Inicio\",\"item\":\"https:\\\/\\\/tpv-tenerife.com\\\/\"},{\"@type\":\"ListItem\",\"position\":2,\"name\":\"Tienda\",\"item\":\"https:\\\/\\\/tpv-tenerife.com\\\/?page_id=208\"},{\"@type\":\"ListItem\",\"position\":3,\"name\":\"Programa para Gesti\u00f3n de Oficina &#8211; Franquicias\"}]},{\"@type\":\"WebSite\",\"@id\":\"https:\\\/\\\/tpv-tenerife.com\\\/#website\",\"url\":\"https:\\\/\\\/tpv-tenerife.com\\\/\",\"name\":\"TPV Tenerife\",\"description\":\"TPV Tenerife\",\"publisher\":{\"@id\":\"https:\\\/\\\/tpv-tenerife.com\\\/#organization\"},\"potentialAction\":[{\"@type\":\"SearchAction\",\"target\":{\"@type\":\"EntryPoint\",\"urlTemplate\":\"https:\\\/\\\/tpv-tenerife.com\\\/?s={search_term_string}\"},\"query-input\":{\"@type\":\"PropertyValueSpecification\",\"valueRequired\":true,\"valueName\":\"search_term_string\"}}],\"inLanguage\":\"es\"},{\"@type\":\"Organization\",\"@id\":\"https:\\\/\\\/tpv-tenerife.com\\\/#organization\",\"name\":\"TPV Tenerife\",\"alternateName\":\"Mega Ram - TPV Tenerife\",\"url\":\"https:\\\/\\\/tpv-tenerife.com\\\/\",\"logo\":{\"@type\":\"ImageObject\",\"inLanguage\":\"es\",\"@id\":\"https:\\\/\\\/tpv-tenerife.com\\\/#\\\/schema\\\/logo\\\/image\\\/\",\"url\":\"https:\\\/\\\/tpv-tenerife.com\\\/wp-content\\\/uploads\\\/2023\\\/07\\\/logo.webp\",\"contentUrl\":\"https:\\\/\\\/tpv-tenerife.com\\\/wp-content\\\/uploads\\\/2023\\\/07\\\/logo.webp\",\"width\":800,\"height\":247,\"caption\":\"TPV Tenerife\"},\"image\":{\"@id\":\"https:\\\/\\\/tpv-tenerife.com\\\/#\\\/schema\\\/logo\\\/image\\\/\"}}]}<\/script>\n<!-- \/ Yoast SEO plugin. -->","yoast_head_json":{"title":"Programa para Gesti\u00f3n de Oficina - Franquicias - TPV Tenerife","description":"Programa para Gesti\u00f3n de Oficina - Franquicias, Software de gesti\u00f3n para oficinas, una herramienta de trabajo indispensable para gestionar varios negocios desde una aplicaci\u00f3n central desde la nube. F\u00e1cil de usar, intuitiva y no necesita configuraci\u00f3n adicional.Este programa de gesti\u00f3n de empresas o software para franquicias te ayuda a planificar y gestionar de manera m\u00e1s f\u00e1cil y eficiente el trabajo. Alcanza tus objetivos m\u00e1s r\u00e1pido, conecta recursos y da seguimiento a los a los diferentes negocios desde una \u00fanica aplicaci\u00f3n en la nube.","robots":{"index":"index","follow":"follow","max-snippet":"max-snippet:-1","max-image-preview":"max-image-preview:large","max-video-preview":"max-video-preview:-1"},"canonical":"https:\/\/tpv-tenerife.com\/?product=programa-para-gestion-de-oficina-franquicias","og_locale":"es_ES","og_type":"article","og_title":"Programa para Gesti\u00f3n de Oficina - Franquicias - TPV Tenerife","og_description":"Programa para Gesti\u00f3n de Oficina - Franquicias, Software de gesti\u00f3n para oficinas, una herramienta de trabajo indispensable para gestionar varios negocios desde una aplicaci\u00f3n central desde la nube. F\u00e1cil de usar, intuitiva y no necesita configuraci\u00f3n adicional.Este programa de gesti\u00f3n de empresas o software para franquicias te ayuda a planificar y gestionar de manera m\u00e1s f\u00e1cil y eficiente el trabajo. Alcanza tus objetivos m\u00e1s r\u00e1pido, conecta recursos y da seguimiento a los a los diferentes negocios desde una \u00fanica aplicaci\u00f3n en la nube.","og_url":"https:\/\/tpv-tenerife.com\/?product=programa-para-gestion-de-oficina-franquicias","og_site_name":"TPV Tenerife","article_modified_time":"2023-09-27T18:38:43+00:00","og_image":[{"width":619,"height":421,"url":"https:\/\/tpv-tenerife.com\/wp-content\/uploads\/2023\/09\/foto5.webp","type":"image\/webp"}],"twitter_card":"summary_large_image","twitter_misc":{"Tiempo de lectura":"3 minutos"},"schema":{"@context":"https:\/\/schema.org","@graph":[{"@type":"WebPage","@id":"https:\/\/tpv-tenerife.com\/?product=programa-para-gestion-de-oficina-franquicias","url":"https:\/\/tpv-tenerife.com\/?product=programa-para-gestion-de-oficina-franquicias","name":"Programa para Gesti\u00f3n de Oficina - Franquicias - TPV Tenerife","isPartOf":{"@id":"https:\/\/tpv-tenerife.com\/#website"},"primaryImageOfPage":{"@id":"https:\/\/tpv-tenerife.com\/?product=programa-para-gestion-de-oficina-franquicias#primaryimage"},"image":{"@id":"https:\/\/tpv-tenerife.com\/?product=programa-para-gestion-de-oficina-franquicias#primaryimage"},"thumbnailUrl":"https:\/\/tpv-tenerife.com\/wp-content\/uploads\/2023\/09\/foto5.webp","datePublished":"2023-09-22T18:02:23+00:00","dateModified":"2023-09-27T18:38:43+00:00","description":"Programa para Gesti\u00f3n de Oficina - Franquicias, Software de gesti\u00f3n para oficinas, una herramienta de trabajo indispensable para gestionar varios negocios desde una aplicaci\u00f3n central desde la nube. F\u00e1cil de usar, intuitiva y no necesita configuraci\u00f3n adicional.Este programa de gesti\u00f3n de empresas o software para franquicias te ayuda a planificar y gestionar de manera m\u00e1s f\u00e1cil y eficiente el trabajo. Alcanza tus objetivos m\u00e1s r\u00e1pido, conecta recursos y da seguimiento a los a los diferentes negocios desde una \u00fanica aplicaci\u00f3n en la nube.","breadcrumb":{"@id":"https:\/\/tpv-tenerife.com\/?product=programa-para-gestion-de-oficina-franquicias#breadcrumb"},"inLanguage":"es","potentialAction":[{"@type":"ReadAction","target":["https:\/\/tpv-tenerife.com\/?product=programa-para-gestion-de-oficina-franquicias"]}]},{"@type":"ImageObject","inLanguage":"es","@id":"https:\/\/tpv-tenerife.com\/?product=programa-para-gestion-de-oficina-franquicias#primaryimage","url":"https:\/\/tpv-tenerife.com\/wp-content\/uploads\/2023\/09\/foto5.webp","contentUrl":"https:\/\/tpv-tenerife.com\/wp-content\/uploads\/2023\/09\/foto5.webp","width":619,"height":421,"caption":"Programa para Gesti\u00f3n de Oficina"},{"@type":"BreadcrumbList","@id":"https:\/\/tpv-tenerife.com\/?product=programa-para-gestion-de-oficina-franquicias#breadcrumb","itemListElement":[{"@type":"ListItem","position":1,"name":"Inicio","item":"https:\/\/tpv-tenerife.com\/"},{"@type":"ListItem","position":2,"name":"Tienda","item":"https:\/\/tpv-tenerife.com\/?page_id=208"},{"@type":"ListItem","position":3,"name":"Programa para Gesti\u00f3n de Oficina &#8211; Franquicias"}]},{"@type":"WebSite","@id":"https:\/\/tpv-tenerife.com\/#website","url":"https:\/\/tpv-tenerife.com\/","name":"TPV Tenerife","description":"TPV Tenerife","publisher":{"@id":"https:\/\/tpv-tenerife.com\/#organization"},"potentialAction":[{"@type":"SearchAction","target":{"@type":"EntryPoint","urlTemplate":"https:\/\/tpv-tenerife.com\/?s={search_term_string}"},"query-input":{"@type":"PropertyValueSpecification","valueRequired":true,"valueName":"search_term_string"}}],"inLanguage":"es"},{"@type":"Organization","@id":"https:\/\/tpv-tenerife.com\/#organization","name":"TPV Tenerife","alternateName":"Mega Ram - TPV Tenerife","url":"https:\/\/tpv-tenerife.com\/","logo":{"@type":"ImageObject","inLanguage":"es","@id":"https:\/\/tpv-tenerife.com\/#\/schema\/logo\/image\/","url":"https:\/\/tpv-tenerife.com\/wp-content\/uploads\/2023\/07\/logo.webp","contentUrl":"https:\/\/tpv-tenerife.com\/wp-content\/uploads\/2023\/07\/logo.webp","width":800,"height":247,"caption":"TPV Tenerife"},"image":{"@id":"https:\/\/tpv-tenerife.com\/#\/schema\/logo\/image\/"}}]}},"_links":{"self":[{"href":"https:\/\/tpv-tenerife.com\/index.php?rest_route=\/wp\/v2\/product\/5064","targetHints":{"allow":["GET"]}}],"collection":[{"href":"https:\/\/tpv-tenerife.com\/index.php?rest_route=\/wp\/v2\/product"}],"about":[{"href":"https:\/\/tpv-tenerife.com\/index.php?rest_route=\/wp\/v2\/types\/product"}],"wp:featuredmedia":[{"embeddable":true,"href":"https:\/\/tpv-tenerife.com\/index.php?rest_route=\/wp\/v2\/media\/5065"}],"wp:attachment":[{"href":"https:\/\/tpv-tenerife.com\/index.php?rest_route=%2Fwp%2Fv2%2Fmedia&parent=5064"}],"wp:term":[{"taxonomy":"product_brand","embeddable":true,"href":"https:\/\/tpv-tenerife.com\/index.php?rest_route=%2Fwp%2Fv2%2Fproduct_brand&post=5064"},{"taxonomy":"product_cat","embeddable":true,"href":"https:\/\/tpv-tenerife.com\/index.php?rest_route=%2Fwp%2Fv2%2Fproduct_cat&post=5064"},{"taxonomy":"product_tag","embeddable":true,"href":"https:\/\/tpv-tenerife.com\/index.php?rest_route=%2Fwp%2Fv2%2Fproduct_tag&post=5064"}],"curies":[{"name":"wp","href":"https:\/\/api.w.org\/{rel}","templated":true}]}}