{"id":5058,"date":"2023-09-22T17:33:56","date_gmt":"2023-09-22T17:33:56","guid":{"rendered":"https:\/\/tpv-tenerife.com\/?post_type=product&#038;p=5058"},"modified":"2023-09-22T17:47:48","modified_gmt":"2023-09-22T17:47:48","slug":"plataforma-de-pedidos-online-y-servicio-a-domicilio","status":"publish","type":"product","link":"https:\/\/tpv-tenerife.com\/?product=plataforma-de-pedidos-online-y-servicio-a-domicilio","title":{"rendered":"Plataforma de Pedidos Online y Servicio a Domicilio"},"content":{"rendered":"<p>&nbsp;<\/p>\n<h2><strong>Plataforma de Pedidos Online y Servicio a Domicilio<\/strong><\/h2>\n<p><span style=\"font-weight: 400;\"><br \/>\nNuestro programa TPV hosteler\u00eda dispone de opciones especiales para env\u00edo a domicilio siendo un software para pizzer\u00eda ideal.<\/span><\/p>\n<p><span style=\"font-weight: 400;\">Las herramientas de iaTPV lo convierten en el software para delivery ideal para este tipo de negocios. Bocater\u00edas, hamburgueser\u00edas, pizzer\u00edas, asadores con reparto a domicilio, ser\u00e1n los mayores beneficiados de este software para gesti\u00f3n de delivery.<\/span><\/p>\n<p><span style=\"font-weight: 400;\">Un buen software para delivery comienza con una r\u00e1pida toma del pedido, por lo que nuestro programa, tiene muy automatizados los procesos de detecci\u00f3n del cliente, posibles domicilio donde realizar la entrega del pedido, gesti\u00f3n de repartidores y arqueos por repartidores.<\/span><\/p>\n<p><span style=\"font-weight: 400;\">Los restaurantes delivery necesitan una delivery app muy \u00e1gil, pues en un breve periodo de tiempo deben preparar y servir una gran cantidad de pedidos.<\/span><\/p>\n<p><span style=\"font-weight: 400;\">Nuestro software para restaurante delivery le ayudar\u00e1 tanto en la toma de pedidos, siendo posible realizarla desde el TPV o la Tablet como en cocina, ya que podr\u00e1 personalizar el ticket de comanda como m\u00e1s se ajuste a su sistema de trabajo.<\/span><\/p>\n<p><span style=\"font-weight: 400;\">El software para delivery le permitir\u00e1 etiquetar sus productos de reparto a domicilio seg\u00fan la ley de al\u00e9rgenos. As\u00ed evitar\u00e1 confusiones en el reparto, ya que los productos estar\u00e1n totalmente identificados.<\/span><\/p>\n<p><span style=\"font-weight: 400;\">Adem\u00e1s de toda la funcionalidad que le aporta el software para restaurante delivery para el env\u00edo a domicilio seguir\u00e1 disponiendo del resto de utilidades que le ofrece para la gesti\u00f3n y trabajo diario de su TPV restaurante o bar (comandas, monitor de cocina, PDAs, etc).<\/span><\/p>\n<h2><b><br \/>\nAlgunas de las caracter\u00edsticas del Software TPV Hosteler\u00eda para gesti\u00f3n a domicilio<\/b><\/h2>\n<p><span style=\"font-weight: 400;\"><br \/>\nEl software para restaurante delivery est\u00e1 pensado especialmente para esos negocios que quieren mejorar su log\u00edstica en el servicio a domicilio. Para lograrlo hemos desarrollado m\u00faltiples funciones que har\u00e1n que el d\u00eda a d\u00eda de estos negocios sea mucho m\u00e1s sencillo. Estas son algunas:<\/span><\/p>\n<ul>\n<li style=\"font-weight: 400;\" aria-level=\"1\"><span style=\"font-weight: 400;\">\u2705Controle las entregas de pedidos<\/span><\/li>\n<li style=\"font-weight: 400;\" aria-level=\"1\"><span style=\"font-weight: 400;\">\u2705Gestione a sus repartidores<\/span><\/li>\n<li style=\"font-weight: 400;\" aria-level=\"1\"><span style=\"font-weight: 400;\">\u2705Asigne los env\u00edos a domicilio a sus repartidores<\/span><\/li>\n<li style=\"font-weight: 400;\" aria-level=\"1\"><span style=\"font-weight: 400;\">\u2705Controle la entregas de cada repartidor<\/span><\/li>\n<li style=\"font-weight: 400;\" aria-level=\"1\"><span style=\"font-weight: 400;\">\u2705 Arqueos, control de gastos y gesti\u00f3n por repartidor<\/span><\/li>\n<\/ul>\n<ul>\n<li style=\"font-weight: 400;\" aria-level=\"1\"><span style=\"font-weight: 400;\">\u2705Asistente de ruta a trav\u00e9s de Google Maps<\/span><\/li>\n<li style=\"font-weight: 400;\" aria-level=\"1\"><span style=\"font-weight: 400;\">\u2705Distinci\u00f3n entre recogida en local o env\u00edo para llevar<\/span><\/li>\n<li style=\"font-weight: 400;\" aria-level=\"1\"><span style=\"font-weight: 400;\">\u2705Control de al\u00e9rgenos<\/span><\/li>\n<li style=\"font-weight: 400;\" aria-level=\"1\"><span style=\"font-weight: 400;\">\u2705 Impresi\u00f3n por comanda del tipo de art\u00edculo preparado<\/span><\/li>\n<li style=\"font-weight: 400;\" aria-level=\"1\"><span style=\"font-weight: 400;\">\u2705Lista negra de clientes conflictivos<\/span><\/li>\n<li style=\"font-weight: 400;\" aria-level=\"1\"><span style=\"font-weight: 400;\">\u2705Detecci\u00f3n del cliente si dispone de un moden RTC<\/span><\/li>\n<\/ul>\n<h2><b><br \/>\nVentajas del software para delivery<\/b><\/h2>\n<p><span style=\"font-weight: 400;\"><br \/>\nEl software para delivery se desarroll\u00f3 inicialmente para un negocio de servicio a domicilio y se ha ido ampliando seg\u00fan se han conocido las necesidades de este tipo de negocios. Ahora dispone de infinidad de herramientas para este tipo de establecimientos.<\/span><\/p>\n<ul>\n<li style=\"font-weight: 400;\" aria-level=\"1\"><span style=\"font-weight: 400;\">\u25b6\ufe0fControl de pedidos asignados y entregados por repartidor con arqueos independientes por cada uno de ellos<\/span><\/li>\n<li style=\"font-weight: 400;\" aria-level=\"1\"><span style=\"font-weight: 400;\">\u25b6\ufe0fLa gesti\u00f3n de servicio a domicilio disponible sin coste adicional (versi\u00f3n avanzada)<\/span><\/li>\n<li style=\"font-weight: 400;\" aria-level=\"1\"><span style=\"font-weight: 400;\">\u25b6\ufe0fDetecci\u00f3n del cliente a trav\u00e9s de su n\u00famero de tel\u00e9fono<\/span><\/li>\n<\/ul>\n<ul>\n<li style=\"font-weight: 400;\" aria-level=\"1\"><span style=\"font-weight: 400;\">\u25b6\ufe0fPosibilidad de consultar las ventas realizadas al cliente en el momento<\/span><\/li>\n<li style=\"font-weight: 400;\" aria-level=\"1\"><span style=\"font-weight: 400;\">\u25b6\ufe0fGesti\u00f3n del control horario de los trabajadores<\/span><\/li>\n<\/ul>\n","protected":false},"excerpt":{"rendered":"<p>&nbsp; Plataforma de Pedidos Online y Servicio a Domicilio Nuestro programa TPV hosteler\u00eda dispone de opciones especiales para env\u00edo a domicilio siendo un software para pizzer\u00eda ideal. Las herramientas de iaTPV lo convierten en el software para delivery ideal para este tipo de negocios. Bocater\u00edas, hamburgueser\u00edas, pizzer\u00edas, asadores con reparto a domicilio, ser\u00e1n los mayores [&hellip;]<\/p>\n","protected":false},"featured_media":5059,"template":"","meta":[],"product_brand":[],"product_cat":[51,39],"product_tag":[133,135,134,130,132,129],"class_list":{"0":"post-5058","1":"product","2":"type-product","3":"status-publish","4":"has-post-thumbnail","6":"product_cat-software-tpv-y-gestion","7":"product_cat-soluciones-online","8":"product_tag-delivery","9":"product_tag-online","10":"product_tag-pedidos","11":"product_tag-programa","12":"product_tag-restaurante","13":"product_tag-software","15":"first","16":"instock","17":"taxable","18":"shipping-taxable","19":"purchasable","20":"product-type-simple"},"yoast_head":"<!-- This site is optimized with the Yoast SEO plugin v27.5 - https:\/\/yoast.com\/product\/yoast-seo-wordpress\/ -->\n<title>Plataforma de Pedidos Online y Servicio a Domicilio - TPV Tenerife<\/title>\n<meta name=\"description\" content=\"Plataforma de Pedidos Online y Servicio a Domicilio, Nuestro programa TPV hosteler\u00eda dispone de opciones especiales para env\u00edo a domicilio siendo un software para pizzer\u00eda ideal.Las herramientas de iaTPV lo convierten en el software para delivery ideal para este tipo de negocios. Bocater\u00edas, hamburgueser\u00edas, pizzer\u00edas, asadores con reparto a domicilio, ser\u00e1n los mayores beneficiados de este software para gesti\u00f3n de delivery.\" \/>\n<meta name=\"robots\" content=\"index, follow, max-snippet:-1, max-image-preview:large, max-video-preview:-1\" \/>\n<link rel=\"canonical\" href=\"https:\/\/tpv-tenerife.com\/?product=plataforma-de-pedidos-online-y-servicio-a-domicilio\" \/>\n<meta property=\"og:locale\" content=\"es_ES\" \/>\n<meta property=\"og:type\" content=\"article\" \/>\n<meta property=\"og:title\" content=\"Plataforma de Pedidos Online y Servicio a Domicilio - TPV Tenerife\" \/>\n<meta property=\"og:description\" content=\"Plataforma de Pedidos Online y Servicio a Domicilio, Nuestro programa TPV hosteler\u00eda dispone de opciones especiales para env\u00edo a domicilio siendo un software para pizzer\u00eda ideal.Las herramientas de iaTPV lo convierten en el software para delivery ideal para este tipo de negocios. Bocater\u00edas, hamburgueser\u00edas, pizzer\u00edas, asadores con reparto a domicilio, ser\u00e1n los mayores beneficiados de este software para gesti\u00f3n de delivery.\" \/>\n<meta property=\"og:url\" content=\"https:\/\/tpv-tenerife.com\/?product=plataforma-de-pedidos-online-y-servicio-a-domicilio\" \/>\n<meta property=\"og:site_name\" content=\"TPV Tenerife\" \/>\n<meta property=\"article:modified_time\" content=\"2023-09-22T17:47:48+00:00\" \/>\n<meta property=\"og:image\" content=\"https:\/\/tpv-tenerife.com\/wp-content\/uploads\/2023\/09\/1622118681377.webp\" \/>\n\t<meta property=\"og:image:width\" content=\"800\" \/>\n\t<meta property=\"og:image:height\" content=\"800\" \/>\n\t<meta property=\"og:image:type\" content=\"image\/webp\" \/>\n<meta name=\"twitter:card\" content=\"summary_large_image\" \/>\n<meta name=\"twitter:label1\" content=\"Tiempo de lectura\" \/>\n\t<meta name=\"twitter:data1\" content=\"3 minutos\" \/>\n<script type=\"application\/ld+json\" class=\"yoast-schema-graph\">{\"@context\":\"https:\\\/\\\/schema.org\",\"@graph\":[{\"@type\":\"WebPage\",\"@id\":\"https:\\\/\\\/tpv-tenerife.com\\\/?product=plataforma-de-pedidos-online-y-servicio-a-domicilio\",\"url\":\"https:\\\/\\\/tpv-tenerife.com\\\/?product=plataforma-de-pedidos-online-y-servicio-a-domicilio\",\"name\":\"Plataforma de Pedidos Online y Servicio a Domicilio - TPV Tenerife\",\"isPartOf\":{\"@id\":\"https:\\\/\\\/tpv-tenerife.com\\\/#website\"},\"primaryImageOfPage\":{\"@id\":\"https:\\\/\\\/tpv-tenerife.com\\\/?product=plataforma-de-pedidos-online-y-servicio-a-domicilio#primaryimage\"},\"image\":{\"@id\":\"https:\\\/\\\/tpv-tenerife.com\\\/?product=plataforma-de-pedidos-online-y-servicio-a-domicilio#primaryimage\"},\"thumbnailUrl\":\"https:\\\/\\\/tpv-tenerife.com\\\/wp-content\\\/uploads\\\/2023\\\/09\\\/1622118681377.webp\",\"datePublished\":\"2023-09-22T17:33:56+00:00\",\"dateModified\":\"2023-09-22T17:47:48+00:00\",\"description\":\"Plataforma de Pedidos Online y Servicio a Domicilio, Nuestro programa TPV hosteler\u00eda dispone de opciones especiales para env\u00edo a domicilio siendo un software para pizzer\u00eda ideal.Las herramientas de iaTPV lo convierten en el software para delivery ideal para este tipo de negocios. Bocater\u00edas, hamburgueser\u00edas, pizzer\u00edas, asadores con reparto a domicilio, ser\u00e1n los mayores beneficiados de este software para gesti\u00f3n de delivery.\",\"breadcrumb\":{\"@id\":\"https:\\\/\\\/tpv-tenerife.com\\\/?product=plataforma-de-pedidos-online-y-servicio-a-domicilio#breadcrumb\"},\"inLanguage\":\"es\",\"potentialAction\":[{\"@type\":\"ReadAction\",\"target\":[\"https:\\\/\\\/tpv-tenerife.com\\\/?product=plataforma-de-pedidos-online-y-servicio-a-domicilio\"]}]},{\"@type\":\"ImageObject\",\"inLanguage\":\"es\",\"@id\":\"https:\\\/\\\/tpv-tenerife.com\\\/?product=plataforma-de-pedidos-online-y-servicio-a-domicilio#primaryimage\",\"url\":\"https:\\\/\\\/tpv-tenerife.com\\\/wp-content\\\/uploads\\\/2023\\\/09\\\/1622118681377.webp\",\"contentUrl\":\"https:\\\/\\\/tpv-tenerife.com\\\/wp-content\\\/uploads\\\/2023\\\/09\\\/1622118681377.webp\",\"width\":800,\"height\":800,\"caption\":\"Plataforma de Pedidos Online y Servicio a Domicilio\"},{\"@type\":\"BreadcrumbList\",\"@id\":\"https:\\\/\\\/tpv-tenerife.com\\\/?product=plataforma-de-pedidos-online-y-servicio-a-domicilio#breadcrumb\",\"itemListElement\":[{\"@type\":\"ListItem\",\"position\":1,\"name\":\"Inicio\",\"item\":\"https:\\\/\\\/tpv-tenerife.com\\\/\"},{\"@type\":\"ListItem\",\"position\":2,\"name\":\"Tienda\",\"item\":\"https:\\\/\\\/tpv-tenerife.com\\\/?page_id=208\"},{\"@type\":\"ListItem\",\"position\":3,\"name\":\"Plataforma de Pedidos Online y Servicio a Domicilio\"}]},{\"@type\":\"WebSite\",\"@id\":\"https:\\\/\\\/tpv-tenerife.com\\\/#website\",\"url\":\"https:\\\/\\\/tpv-tenerife.com\\\/\",\"name\":\"TPV Tenerife\",\"description\":\"TPV Tenerife\",\"publisher\":{\"@id\":\"https:\\\/\\\/tpv-tenerife.com\\\/#organization\"},\"potentialAction\":[{\"@type\":\"SearchAction\",\"target\":{\"@type\":\"EntryPoint\",\"urlTemplate\":\"https:\\\/\\\/tpv-tenerife.com\\\/?s={search_term_string}\"},\"query-input\":{\"@type\":\"PropertyValueSpecification\",\"valueRequired\":true,\"valueName\":\"search_term_string\"}}],\"inLanguage\":\"es\"},{\"@type\":\"Organization\",\"@id\":\"https:\\\/\\\/tpv-tenerife.com\\\/#organization\",\"name\":\"TPV Tenerife\",\"alternateName\":\"Mega Ram - TPV Tenerife\",\"url\":\"https:\\\/\\\/tpv-tenerife.com\\\/\",\"logo\":{\"@type\":\"ImageObject\",\"inLanguage\":\"es\",\"@id\":\"https:\\\/\\\/tpv-tenerife.com\\\/#\\\/schema\\\/logo\\\/image\\\/\",\"url\":\"https:\\\/\\\/tpv-tenerife.com\\\/wp-content\\\/uploads\\\/2023\\\/07\\\/logo.webp\",\"contentUrl\":\"https:\\\/\\\/tpv-tenerife.com\\\/wp-content\\\/uploads\\\/2023\\\/07\\\/logo.webp\",\"width\":800,\"height\":247,\"caption\":\"TPV Tenerife\"},\"image\":{\"@id\":\"https:\\\/\\\/tpv-tenerife.com\\\/#\\\/schema\\\/logo\\\/image\\\/\"}}]}<\/script>\n<!-- \/ Yoast SEO plugin. -->","yoast_head_json":{"title":"Plataforma de Pedidos Online y Servicio a Domicilio - TPV Tenerife","description":"Plataforma de Pedidos Online y Servicio a Domicilio, Nuestro programa TPV hosteler\u00eda dispone de opciones especiales para env\u00edo a domicilio siendo un software para pizzer\u00eda ideal.Las herramientas de iaTPV lo convierten en el software para delivery ideal para este tipo de negocios. Bocater\u00edas, hamburgueser\u00edas, pizzer\u00edas, asadores con reparto a domicilio, ser\u00e1n los mayores beneficiados de este software para gesti\u00f3n de delivery.","robots":{"index":"index","follow":"follow","max-snippet":"max-snippet:-1","max-image-preview":"max-image-preview:large","max-video-preview":"max-video-preview:-1"},"canonical":"https:\/\/tpv-tenerife.com\/?product=plataforma-de-pedidos-online-y-servicio-a-domicilio","og_locale":"es_ES","og_type":"article","og_title":"Plataforma de Pedidos Online y Servicio a Domicilio - TPV Tenerife","og_description":"Plataforma de Pedidos Online y Servicio a Domicilio, Nuestro programa TPV hosteler\u00eda dispone de opciones especiales para env\u00edo a domicilio siendo un software para pizzer\u00eda ideal.Las herramientas de iaTPV lo convierten en el software para delivery ideal para este tipo de negocios. Bocater\u00edas, hamburgueser\u00edas, pizzer\u00edas, asadores con reparto a domicilio, ser\u00e1n los mayores beneficiados de este software para gesti\u00f3n de delivery.","og_url":"https:\/\/tpv-tenerife.com\/?product=plataforma-de-pedidos-online-y-servicio-a-domicilio","og_site_name":"TPV Tenerife","article_modified_time":"2023-09-22T17:47:48+00:00","og_image":[{"width":800,"height":800,"url":"https:\/\/tpv-tenerife.com\/wp-content\/uploads\/2023\/09\/1622118681377.webp","type":"image\/webp"}],"twitter_card":"summary_large_image","twitter_misc":{"Tiempo de lectura":"3 minutos"},"schema":{"@context":"https:\/\/schema.org","@graph":[{"@type":"WebPage","@id":"https:\/\/tpv-tenerife.com\/?product=plataforma-de-pedidos-online-y-servicio-a-domicilio","url":"https:\/\/tpv-tenerife.com\/?product=plataforma-de-pedidos-online-y-servicio-a-domicilio","name":"Plataforma de Pedidos Online y Servicio a Domicilio - TPV Tenerife","isPartOf":{"@id":"https:\/\/tpv-tenerife.com\/#website"},"primaryImageOfPage":{"@id":"https:\/\/tpv-tenerife.com\/?product=plataforma-de-pedidos-online-y-servicio-a-domicilio#primaryimage"},"image":{"@id":"https:\/\/tpv-tenerife.com\/?product=plataforma-de-pedidos-online-y-servicio-a-domicilio#primaryimage"},"thumbnailUrl":"https:\/\/tpv-tenerife.com\/wp-content\/uploads\/2023\/09\/1622118681377.webp","datePublished":"2023-09-22T17:33:56+00:00","dateModified":"2023-09-22T17:47:48+00:00","description":"Plataforma de Pedidos Online y Servicio a Domicilio, Nuestro programa TPV hosteler\u00eda dispone de opciones especiales para env\u00edo a domicilio siendo un software para pizzer\u00eda ideal.Las herramientas de iaTPV lo convierten en el software para delivery ideal para este tipo de negocios. Bocater\u00edas, hamburgueser\u00edas, pizzer\u00edas, asadores con reparto a domicilio, ser\u00e1n los mayores beneficiados de este software para gesti\u00f3n de delivery.","breadcrumb":{"@id":"https:\/\/tpv-tenerife.com\/?product=plataforma-de-pedidos-online-y-servicio-a-domicilio#breadcrumb"},"inLanguage":"es","potentialAction":[{"@type":"ReadAction","target":["https:\/\/tpv-tenerife.com\/?product=plataforma-de-pedidos-online-y-servicio-a-domicilio"]}]},{"@type":"ImageObject","inLanguage":"es","@id":"https:\/\/tpv-tenerife.com\/?product=plataforma-de-pedidos-online-y-servicio-a-domicilio#primaryimage","url":"https:\/\/tpv-tenerife.com\/wp-content\/uploads\/2023\/09\/1622118681377.webp","contentUrl":"https:\/\/tpv-tenerife.com\/wp-content\/uploads\/2023\/09\/1622118681377.webp","width":800,"height":800,"caption":"Plataforma de Pedidos Online y Servicio a Domicilio"},{"@type":"BreadcrumbList","@id":"https:\/\/tpv-tenerife.com\/?product=plataforma-de-pedidos-online-y-servicio-a-domicilio#breadcrumb","itemListElement":[{"@type":"ListItem","position":1,"name":"Inicio","item":"https:\/\/tpv-tenerife.com\/"},{"@type":"ListItem","position":2,"name":"Tienda","item":"https:\/\/tpv-tenerife.com\/?page_id=208"},{"@type":"ListItem","position":3,"name":"Plataforma de Pedidos Online y Servicio a Domicilio"}]},{"@type":"WebSite","@id":"https:\/\/tpv-tenerife.com\/#website","url":"https:\/\/tpv-tenerife.com\/","name":"TPV Tenerife","description":"TPV Tenerife","publisher":{"@id":"https:\/\/tpv-tenerife.com\/#organization"},"potentialAction":[{"@type":"SearchAction","target":{"@type":"EntryPoint","urlTemplate":"https:\/\/tpv-tenerife.com\/?s={search_term_string}"},"query-input":{"@type":"PropertyValueSpecification","valueRequired":true,"valueName":"search_term_string"}}],"inLanguage":"es"},{"@type":"Organization","@id":"https:\/\/tpv-tenerife.com\/#organization","name":"TPV Tenerife","alternateName":"Mega Ram - TPV Tenerife","url":"https:\/\/tpv-tenerife.com\/","logo":{"@type":"ImageObject","inLanguage":"es","@id":"https:\/\/tpv-tenerife.com\/#\/schema\/logo\/image\/","url":"https:\/\/tpv-tenerife.com\/wp-content\/uploads\/2023\/07\/logo.webp","contentUrl":"https:\/\/tpv-tenerife.com\/wp-content\/uploads\/2023\/07\/logo.webp","width":800,"height":247,"caption":"TPV Tenerife"},"image":{"@id":"https:\/\/tpv-tenerife.com\/#\/schema\/logo\/image\/"}}]}},"_links":{"self":[{"href":"https:\/\/tpv-tenerife.com\/index.php?rest_route=\/wp\/v2\/product\/5058","targetHints":{"allow":["GET"]}}],"collection":[{"href":"https:\/\/tpv-tenerife.com\/index.php?rest_route=\/wp\/v2\/product"}],"about":[{"href":"https:\/\/tpv-tenerife.com\/index.php?rest_route=\/wp\/v2\/types\/product"}],"wp:featuredmedia":[{"embeddable":true,"href":"https:\/\/tpv-tenerife.com\/index.php?rest_route=\/wp\/v2\/media\/5059"}],"wp:attachment":[{"href":"https:\/\/tpv-tenerife.com\/index.php?rest_route=%2Fwp%2Fv2%2Fmedia&parent=5058"}],"wp:term":[{"taxonomy":"product_brand","embeddable":true,"href":"https:\/\/tpv-tenerife.com\/index.php?rest_route=%2Fwp%2Fv2%2Fproduct_brand&post=5058"},{"taxonomy":"product_cat","embeddable":true,"href":"https:\/\/tpv-tenerife.com\/index.php?rest_route=%2Fwp%2Fv2%2Fproduct_cat&post=5058"},{"taxonomy":"product_tag","embeddable":true,"href":"https:\/\/tpv-tenerife.com\/index.php?rest_route=%2Fwp%2Fv2%2Fproduct_tag&post=5058"}],"curies":[{"name":"wp","href":"https:\/\/api.w.org\/{rel}","templated":true}]}}