{"id":5022,"date":"2023-09-21T20:59:41","date_gmt":"2023-09-21T20:59:41","guid":{"rendered":"https:\/\/tpv-tenerife.com\/?post_type=product&#038;p=5022"},"modified":"2023-11-27T17:08:10","modified_gmt":"2023-11-27T17:08:10","slug":"cajon-de-cobro-automatico-cashkeeper-ck950","status":"publish","type":"product","link":"https:\/\/tpv-tenerife.com\/?product=cajon-de-cobro-automatico-cashkeeper-ck950","title":{"rendered":"Caj\u00f3n de cobro Autom\u00e1tico CashKeeper CK950"},"content":{"rendered":"<p>&nbsp;<\/p>\n<p>Caj\u00f3n de cobro Autom\u00e1tico CashKeeper CK950<\/p>\n<p><strong>Versatilidad<\/strong><\/p>\n<ul>\n<li>Equipo compacto<\/li>\n<li>Con un solo equipo gestionamos billetes y monedas<\/li>\n<li>F\u00e1cil de instalar<\/li>\n<li>Anclaje de seguridad<\/li>\n<li>Empotrable en el mostrador<\/li>\n<li>Emplazamiento cara al p\u00fablico\u00a0o cara al empleado<\/li>\n<\/ul>\n<p><strong>Seguridad<\/strong><\/p>\n<ul>\n<li>Nadie ve ni toca el dinero<\/li>\n<li>No hay tentaciones<\/li>\n<li>El dinero nunca est\u00e1 al alcance de los empleados ni de posibles ladrones<\/li>\n<li>Evita hurtos y robos<\/li>\n<li>Se cobran todas las transacciones<\/li>\n<li>No hay errores de cambio<\/li>\n<li>Comprobaci\u00f3n efectiva de billetes y monedas<\/li>\n<\/ul>\n<p><strong>Control<\/strong><\/p>\n<ul>\n<li>La caja siempre cuadra<\/li>\n<li>En todo momento sabemos la cantidad de efectivo de que disponemos<\/li>\n<li>Recaudaci\u00f3n a la ciega. Cajetines intercambiables y cerrados. Hasta 5 niveles de seguridad.<\/li>\n<li>Ahorra tiempo: menos tiempo menos dinero<\/li>\n<\/ul>\n<p><strong>Tranquilidad<\/strong><\/p>\n<ul>\n<li>No es necesario arqueo ni en cambios de turno ni al final del d\u00eda<\/li>\n<li>Mejora ambiente laboral, no hay tensiones por diferencias de caja<\/li>\n<li>Avisos de nivel bajo de cambio<\/li>\n<li>Elimina la aceptaci\u00f3n de billetes o monedas falsos<\/li>\n<\/ul>\n<p><strong>Higiene<\/strong><\/p>\n<ul>\n<li>El empleado no toca el dinero (CashKeeper cara al p\u00fablico)<\/li>\n<li>Sanitariamente seguro<\/li>\n<li>Evita contagios y alergias<\/li>\n<li>Evita olores desagradables en el cambio (carnicer\u00edas, pescader\u00edas)<\/li>\n<\/ul>\n<p><strong>Soporte Publicitario<\/strong><\/p>\n<ul>\n<li>Debido a su forma es f\u00e1cilmente panelable.<\/li>\n<li>Puede usarse como soporte publicitario.<\/li>\n<li>Imanes que permiten la personalizaci\u00f3n de la m\u00e1quina de una forma f\u00e1cil y r\u00e1pida.<\/li>\n<li>Amortizaci\u00f3n del sistema mediante la venta de publicidad en el punto de venta.<\/li>\n<\/ul>\n<p><strong>Monedas<\/strong><\/p>\n<ul>\n<li>Aceptadas 2ct., 5 ct., 10 ct., 50 ct., 1 \u20ac y 2 \u20ac.<\/li>\n<li>Velocidad de devoluci\u00f3n, 12 monedas\/segundo<\/li>\n<li>Velocidad aceptaci\u00f3n, 3 monedas\/segundo.<\/li>\n<li>Capacidad m\u00e1xima, 2.500 monedas:1.500 reciclador + 1000 m\u00f3dulo de recaudaci\u00f3n<\/li>\n<li>Preparaci\u00f3n fondo de caja: 12 monedas\/segundo<\/li>\n<\/ul>\n<p><strong>Billetes<\/strong><\/p>\n<ul>\n<li>Billetes aceptados: 5 \u20ac, 10 \u20ac, 20 \u20ac, 50 \u20ac, 100 \u20ac,\u00a0\u00a0200 \u20ac y 500 \u20ac.<\/li>\n<li>Billetes para devolver, reciclar y dar cambio: 5 \u20ac,\u00a0\u00a0\u00a010 \u20ac, 20 \u20ac, 50 \u20ac, 100 \u20ac, 200 \u20ac y 500 \u20ac.<\/li>\n<li>Introducci\u00f3n de billetes \u201cuno a uno\u201d.<\/li>\n<li>Velocidad de pago: 1 billete cada 6 segundos.<\/li>\n<li>Velocidad aceptaci\u00f3n: 3 segundos si el billete va a recaudaci\u00f3n y entre 6 y 10 segundos si va al cambio.<\/li>\n<li>Capacidad: 80 billetes para cambio + 500 billetes para recaudaci\u00f3n.<\/li>\n<\/ul>\n","protected":false},"excerpt":{"rendered":"<p>&nbsp; Caj\u00f3n de cobro Autom\u00e1tico CashKeeper CK950 Versatilidad Equipo compacto Con un solo equipo gestionamos billetes y monedas F\u00e1cil de instalar Anclaje de seguridad Empotrable en el mostrador Emplazamiento cara al p\u00fablico\u00a0o cara al empleado Seguridad Nadie ve ni toca el dinero No hay tentaciones El dinero nunca est\u00e1 al alcance de los empleados ni [&hellip;]<\/p>\n","protected":false},"featured_media":5023,"template":"","meta":[],"product_brand":[],"product_cat":[43],"product_tag":[121,120],"class_list":{"0":"post-5022","1":"product","2":"type-product","3":"status-publish","4":"has-post-thumbnail","6":"product_cat-cajones-de-cobro-automatico","7":"product_tag-automatico","8":"product_tag-cajon","10":"first","11":"instock","12":"taxable","13":"shipping-taxable","14":"purchasable","15":"product-type-simple"},"yoast_head":"<!-- This site is optimized with the Yoast SEO plugin v27.5 - https:\/\/yoast.com\/product\/yoast-seo-wordpress\/ -->\n<title>Caj\u00f3n de cobro Autom\u00e1tico CashKeeper CK950 - TPV Tenerife<\/title>\n<meta name=\"description\" content=\"Caj\u00f3n de cobro Autom\u00e1tico CashKeeper CK950, Equipo compacto y multidivisa que aporta seguridad e higiene. La caja que siempre cuadra. C\u00f3modo y f\u00e1cil de instalar.CK950 la soluci\u00f3n multiplataforma y autosuficiente.\" \/>\n<meta name=\"robots\" content=\"index, follow, max-snippet:-1, max-image-preview:large, max-video-preview:-1\" \/>\n<link rel=\"canonical\" href=\"https:\/\/tpv-tenerife.com\/?product=cajon-de-cobro-automatico-cashkeeper-ck950\" \/>\n<meta property=\"og:locale\" content=\"es_ES\" \/>\n<meta property=\"og:type\" content=\"article\" \/>\n<meta property=\"og:title\" content=\"Caj\u00f3n de cobro Autom\u00e1tico CashKeeper CK950 - TPV Tenerife\" \/>\n<meta property=\"og:description\" content=\"Caj\u00f3n de cobro Autom\u00e1tico CashKeeper CK950, Equipo compacto y multidivisa que aporta seguridad e higiene. La caja que siempre cuadra. C\u00f3modo y f\u00e1cil de instalar.CK950 la soluci\u00f3n multiplataforma y autosuficiente.\" \/>\n<meta property=\"og:url\" content=\"https:\/\/tpv-tenerife.com\/?product=cajon-de-cobro-automatico-cashkeeper-ck950\" \/>\n<meta property=\"og:site_name\" content=\"TPV Tenerife\" \/>\n<meta property=\"article:modified_time\" content=\"2023-11-27T17:08:10+00:00\" \/>\n<meta property=\"og:image\" content=\"https:\/\/tpv-tenerife.com\/wp-content\/uploads\/2023\/09\/78bd43c665a94497be03e64c6ce4a5d9.webp\" \/>\n\t<meta property=\"og:image:width\" content=\"490\" \/>\n\t<meta property=\"og:image:height\" content=\"581\" \/>\n\t<meta property=\"og:image:type\" content=\"image\/webp\" \/>\n<meta name=\"twitter:card\" content=\"summary_large_image\" \/>\n<meta name=\"twitter:label1\" content=\"Tiempo de lectura\" \/>\n\t<meta name=\"twitter:data1\" content=\"2 minutos\" \/>\n<script type=\"application\/ld+json\" class=\"yoast-schema-graph\">{\"@context\":\"https:\\\/\\\/schema.org\",\"@graph\":[{\"@type\":\"WebPage\",\"@id\":\"https:\\\/\\\/tpv-tenerife.com\\\/?product=cajon-de-cobro-automatico-cashkeeper-ck950\",\"url\":\"https:\\\/\\\/tpv-tenerife.com\\\/?product=cajon-de-cobro-automatico-cashkeeper-ck950\",\"name\":\"Caj\u00f3n de cobro Autom\u00e1tico CashKeeper CK950 - TPV Tenerife\",\"isPartOf\":{\"@id\":\"https:\\\/\\\/tpv-tenerife.com\\\/#website\"},\"primaryImageOfPage\":{\"@id\":\"https:\\\/\\\/tpv-tenerife.com\\\/?product=cajon-de-cobro-automatico-cashkeeper-ck950#primaryimage\"},\"image\":{\"@id\":\"https:\\\/\\\/tpv-tenerife.com\\\/?product=cajon-de-cobro-automatico-cashkeeper-ck950#primaryimage\"},\"thumbnailUrl\":\"https:\\\/\\\/tpv-tenerife.com\\\/wp-content\\\/uploads\\\/2023\\\/09\\\/78bd43c665a94497be03e64c6ce4a5d9.webp\",\"datePublished\":\"2023-09-21T20:59:41+00:00\",\"dateModified\":\"2023-11-27T17:08:10+00:00\",\"description\":\"Caj\u00f3n de cobro Autom\u00e1tico CashKeeper CK950, Equipo compacto y multidivisa que aporta seguridad e higiene. La caja que siempre cuadra. C\u00f3modo y f\u00e1cil de instalar.CK950 la soluci\u00f3n multiplataforma y autosuficiente.\",\"breadcrumb\":{\"@id\":\"https:\\\/\\\/tpv-tenerife.com\\\/?product=cajon-de-cobro-automatico-cashkeeper-ck950#breadcrumb\"},\"inLanguage\":\"es\",\"potentialAction\":[{\"@type\":\"ReadAction\",\"target\":[\"https:\\\/\\\/tpv-tenerife.com\\\/?product=cajon-de-cobro-automatico-cashkeeper-ck950\"]}]},{\"@type\":\"ImageObject\",\"inLanguage\":\"es\",\"@id\":\"https:\\\/\\\/tpv-tenerife.com\\\/?product=cajon-de-cobro-automatico-cashkeeper-ck950#primaryimage\",\"url\":\"https:\\\/\\\/tpv-tenerife.com\\\/wp-content\\\/uploads\\\/2023\\\/09\\\/78bd43c665a94497be03e64c6ce4a5d9.webp\",\"contentUrl\":\"https:\\\/\\\/tpv-tenerife.com\\\/wp-content\\\/uploads\\\/2023\\\/09\\\/78bd43c665a94497be03e64c6ce4a5d9.webp\",\"width\":490,\"height\":581,\"caption\":\"Caj\u00f3n de cobro Autom\u00e1tico CashKeeper CK950\"},{\"@type\":\"BreadcrumbList\",\"@id\":\"https:\\\/\\\/tpv-tenerife.com\\\/?product=cajon-de-cobro-automatico-cashkeeper-ck950#breadcrumb\",\"itemListElement\":[{\"@type\":\"ListItem\",\"position\":1,\"name\":\"Inicio\",\"item\":\"https:\\\/\\\/tpv-tenerife.com\\\/\"},{\"@type\":\"ListItem\",\"position\":2,\"name\":\"Tienda\",\"item\":\"https:\\\/\\\/tpv-tenerife.com\\\/?page_id=208\"},{\"@type\":\"ListItem\",\"position\":3,\"name\":\"Caj\u00f3n de cobro Autom\u00e1tico CashKeeper CK950\"}]},{\"@type\":\"WebSite\",\"@id\":\"https:\\\/\\\/tpv-tenerife.com\\\/#website\",\"url\":\"https:\\\/\\\/tpv-tenerife.com\\\/\",\"name\":\"TPV Tenerife\",\"description\":\"TPV Tenerife\",\"publisher\":{\"@id\":\"https:\\\/\\\/tpv-tenerife.com\\\/#organization\"},\"potentialAction\":[{\"@type\":\"SearchAction\",\"target\":{\"@type\":\"EntryPoint\",\"urlTemplate\":\"https:\\\/\\\/tpv-tenerife.com\\\/?s={search_term_string}\"},\"query-input\":{\"@type\":\"PropertyValueSpecification\",\"valueRequired\":true,\"valueName\":\"search_term_string\"}}],\"inLanguage\":\"es\"},{\"@type\":\"Organization\",\"@id\":\"https:\\\/\\\/tpv-tenerife.com\\\/#organization\",\"name\":\"TPV Tenerife\",\"alternateName\":\"Mega Ram - TPV Tenerife\",\"url\":\"https:\\\/\\\/tpv-tenerife.com\\\/\",\"logo\":{\"@type\":\"ImageObject\",\"inLanguage\":\"es\",\"@id\":\"https:\\\/\\\/tpv-tenerife.com\\\/#\\\/schema\\\/logo\\\/image\\\/\",\"url\":\"https:\\\/\\\/tpv-tenerife.com\\\/wp-content\\\/uploads\\\/2023\\\/07\\\/logo.webp\",\"contentUrl\":\"https:\\\/\\\/tpv-tenerife.com\\\/wp-content\\\/uploads\\\/2023\\\/07\\\/logo.webp\",\"width\":800,\"height\":247,\"caption\":\"TPV Tenerife\"},\"image\":{\"@id\":\"https:\\\/\\\/tpv-tenerife.com\\\/#\\\/schema\\\/logo\\\/image\\\/\"}}]}<\/script>\n<!-- \/ Yoast SEO plugin. -->","yoast_head_json":{"title":"Caj\u00f3n de cobro Autom\u00e1tico CashKeeper CK950 - TPV Tenerife","description":"Caj\u00f3n de cobro Autom\u00e1tico CashKeeper CK950, Equipo compacto y multidivisa que aporta seguridad e higiene. La caja que siempre cuadra. C\u00f3modo y f\u00e1cil de instalar.CK950 la soluci\u00f3n multiplataforma y autosuficiente.","robots":{"index":"index","follow":"follow","max-snippet":"max-snippet:-1","max-image-preview":"max-image-preview:large","max-video-preview":"max-video-preview:-1"},"canonical":"https:\/\/tpv-tenerife.com\/?product=cajon-de-cobro-automatico-cashkeeper-ck950","og_locale":"es_ES","og_type":"article","og_title":"Caj\u00f3n de cobro Autom\u00e1tico CashKeeper CK950 - TPV Tenerife","og_description":"Caj\u00f3n de cobro Autom\u00e1tico CashKeeper CK950, Equipo compacto y multidivisa que aporta seguridad e higiene. La caja que siempre cuadra. C\u00f3modo y f\u00e1cil de instalar.CK950 la soluci\u00f3n multiplataforma y autosuficiente.","og_url":"https:\/\/tpv-tenerife.com\/?product=cajon-de-cobro-automatico-cashkeeper-ck950","og_site_name":"TPV Tenerife","article_modified_time":"2023-11-27T17:08:10+00:00","og_image":[{"width":490,"height":581,"url":"https:\/\/tpv-tenerife.com\/wp-content\/uploads\/2023\/09\/78bd43c665a94497be03e64c6ce4a5d9.webp","type":"image\/webp"}],"twitter_card":"summary_large_image","twitter_misc":{"Tiempo de lectura":"2 minutos"},"schema":{"@context":"https:\/\/schema.org","@graph":[{"@type":"WebPage","@id":"https:\/\/tpv-tenerife.com\/?product=cajon-de-cobro-automatico-cashkeeper-ck950","url":"https:\/\/tpv-tenerife.com\/?product=cajon-de-cobro-automatico-cashkeeper-ck950","name":"Caj\u00f3n de cobro Autom\u00e1tico CashKeeper CK950 - TPV Tenerife","isPartOf":{"@id":"https:\/\/tpv-tenerife.com\/#website"},"primaryImageOfPage":{"@id":"https:\/\/tpv-tenerife.com\/?product=cajon-de-cobro-automatico-cashkeeper-ck950#primaryimage"},"image":{"@id":"https:\/\/tpv-tenerife.com\/?product=cajon-de-cobro-automatico-cashkeeper-ck950#primaryimage"},"thumbnailUrl":"https:\/\/tpv-tenerife.com\/wp-content\/uploads\/2023\/09\/78bd43c665a94497be03e64c6ce4a5d9.webp","datePublished":"2023-09-21T20:59:41+00:00","dateModified":"2023-11-27T17:08:10+00:00","description":"Caj\u00f3n de cobro Autom\u00e1tico CashKeeper CK950, Equipo compacto y multidivisa que aporta seguridad e higiene. La caja que siempre cuadra. C\u00f3modo y f\u00e1cil de instalar.CK950 la soluci\u00f3n multiplataforma y autosuficiente.","breadcrumb":{"@id":"https:\/\/tpv-tenerife.com\/?product=cajon-de-cobro-automatico-cashkeeper-ck950#breadcrumb"},"inLanguage":"es","potentialAction":[{"@type":"ReadAction","target":["https:\/\/tpv-tenerife.com\/?product=cajon-de-cobro-automatico-cashkeeper-ck950"]}]},{"@type":"ImageObject","inLanguage":"es","@id":"https:\/\/tpv-tenerife.com\/?product=cajon-de-cobro-automatico-cashkeeper-ck950#primaryimage","url":"https:\/\/tpv-tenerife.com\/wp-content\/uploads\/2023\/09\/78bd43c665a94497be03e64c6ce4a5d9.webp","contentUrl":"https:\/\/tpv-tenerife.com\/wp-content\/uploads\/2023\/09\/78bd43c665a94497be03e64c6ce4a5d9.webp","width":490,"height":581,"caption":"Caj\u00f3n de cobro Autom\u00e1tico CashKeeper CK950"},{"@type":"BreadcrumbList","@id":"https:\/\/tpv-tenerife.com\/?product=cajon-de-cobro-automatico-cashkeeper-ck950#breadcrumb","itemListElement":[{"@type":"ListItem","position":1,"name":"Inicio","item":"https:\/\/tpv-tenerife.com\/"},{"@type":"ListItem","position":2,"name":"Tienda","item":"https:\/\/tpv-tenerife.com\/?page_id=208"},{"@type":"ListItem","position":3,"name":"Caj\u00f3n de cobro Autom\u00e1tico CashKeeper CK950"}]},{"@type":"WebSite","@id":"https:\/\/tpv-tenerife.com\/#website","url":"https:\/\/tpv-tenerife.com\/","name":"TPV Tenerife","description":"TPV Tenerife","publisher":{"@id":"https:\/\/tpv-tenerife.com\/#organization"},"potentialAction":[{"@type":"SearchAction","target":{"@type":"EntryPoint","urlTemplate":"https:\/\/tpv-tenerife.com\/?s={search_term_string}"},"query-input":{"@type":"PropertyValueSpecification","valueRequired":true,"valueName":"search_term_string"}}],"inLanguage":"es"},{"@type":"Organization","@id":"https:\/\/tpv-tenerife.com\/#organization","name":"TPV Tenerife","alternateName":"Mega Ram - TPV Tenerife","url":"https:\/\/tpv-tenerife.com\/","logo":{"@type":"ImageObject","inLanguage":"es","@id":"https:\/\/tpv-tenerife.com\/#\/schema\/logo\/image\/","url":"https:\/\/tpv-tenerife.com\/wp-content\/uploads\/2023\/07\/logo.webp","contentUrl":"https:\/\/tpv-tenerife.com\/wp-content\/uploads\/2023\/07\/logo.webp","width":800,"height":247,"caption":"TPV Tenerife"},"image":{"@id":"https:\/\/tpv-tenerife.com\/#\/schema\/logo\/image\/"}}]}},"_links":{"self":[{"href":"https:\/\/tpv-tenerife.com\/index.php?rest_route=\/wp\/v2\/product\/5022","targetHints":{"allow":["GET"]}}],"collection":[{"href":"https:\/\/tpv-tenerife.com\/index.php?rest_route=\/wp\/v2\/product"}],"about":[{"href":"https:\/\/tpv-tenerife.com\/index.php?rest_route=\/wp\/v2\/types\/product"}],"wp:featuredmedia":[{"embeddable":true,"href":"https:\/\/tpv-tenerife.com\/index.php?rest_route=\/wp\/v2\/media\/5023"}],"wp:attachment":[{"href":"https:\/\/tpv-tenerife.com\/index.php?rest_route=%2Fwp%2Fv2%2Fmedia&parent=5022"}],"wp:term":[{"taxonomy":"product_brand","embeddable":true,"href":"https:\/\/tpv-tenerife.com\/index.php?rest_route=%2Fwp%2Fv2%2Fproduct_brand&post=5022"},{"taxonomy":"product_cat","embeddable":true,"href":"https:\/\/tpv-tenerife.com\/index.php?rest_route=%2Fwp%2Fv2%2Fproduct_cat&post=5022"},{"taxonomy":"product_tag","embeddable":true,"href":"https:\/\/tpv-tenerife.com\/index.php?rest_route=%2Fwp%2Fv2%2Fproduct_tag&post=5022"}],"curies":[{"name":"wp","href":"https:\/\/api.w.org\/{rel}","templated":true}]}}