{"id":4993,"date":"2023-09-21T16:54:12","date_gmt":"2023-09-21T16:54:12","guid":{"rendered":"https:\/\/tpv-tenerife.com\/?post_type=product&#038;p=4993"},"modified":"2023-09-21T17:00:09","modified_gmt":"2023-09-21T17:00:09","slug":"balanza-minerva-56ppi-30kg","status":"publish","type":"product","link":"https:\/\/tpv-tenerife.com\/?product=balanza-minerva-56ppi-30kg","title":{"rendered":"Balanza Minerva 56PPI 30KG"},"content":{"rendered":"<p>&nbsp;<\/p>\n<p>Caracter\u00edsticas de Balanza Minerva 56PPI 30KG<\/p>\n<p>Balanza peso precio importe<br \/>\nDoble display LCD con d\u00edgitos de 14.5mm<br \/>\nConexi\u00f3n RS232 (PC\/TPV)<br \/>\nAuto cero y seguimiento de cero<br \/>\nFunci\u00f3n TARA.<br \/>\nFunci\u00f3n cambio.<br \/>\nPrecio unitario por Kg o cada 100 g.<br \/>\nTeclado de 20 teclas.<br \/>\n3 teclas de memoria\/precio.<br \/>\n100 PLU\u2019s.<br \/>\nIndicador de carga y bater\u00eda.<br \/>\nPlato de acero inoxidable.<br \/>\nPies de goma antideslizantes y ajustables en altura.<br \/>\nCompartimiento bater\u00eda de f\u00e1cil acceso.<br \/>\nIncluye:<br \/>\nCubierta protectora.<br \/>\nCable RS232 de comunicaci\u00f3n.<br \/>\nFuente alimentaci\u00f3n interna y cable de corriente<br \/>\nCapacidad 30 kg<br \/>\nDivisi\u00f3n 5 g<br \/>\nCarga m\u00ednima 100 g<\/p>\n","protected":false},"excerpt":{"rendered":"<p>&nbsp; Caracter\u00edsticas de Balanza Minerva 56PPI 30KG Balanza peso precio importe Doble display LCD con d\u00edgitos de 14.5mm Conexi\u00f3n RS232 (PC\/TPV) Auto cero y seguimiento de cero Funci\u00f3n TARA. Funci\u00f3n cambio. Precio unitario por Kg o cada 100 g. Teclado de 20 teclas. 3 teclas de memoria\/precio. 100 PLU\u2019s. Indicador de carga y bater\u00eda. Plato [&hellip;]<\/p>\n","protected":false},"featured_media":4991,"template":"","meta":[],"product_brand":[],"product_cat":[50],"product_tag":[113],"class_list":{"0":"post-4993","1":"product","2":"type-product","3":"status-publish","4":"has-post-thumbnail","6":"product_cat-balanzas-de-pesaje","7":"product_tag-balanza","9":"first","10":"instock","11":"taxable","12":"shipping-taxable","13":"purchasable","14":"product-type-simple"},"yoast_head":"<!-- This site is optimized with the Yoast SEO plugin v27.5 - https:\/\/yoast.com\/product\/yoast-seo-wordpress\/ -->\n<title>Balanza Minerva 56PPI 30KG - TPV Tenerife<\/title>\n<meta name=\"description\" content=\"La Balanza Minerva 56PPI 30KG peso precio importeDoble display LCD con d\u00edgitos de 14.5mmConexi\u00f3n RS232 (PC\/TPV)Auto cero y seguimiento de ceroFunci\u00f3n TARA.Funci\u00f3n cambio.Precio unitario por Kg o cada 100 g\" \/>\n<meta name=\"robots\" content=\"index, follow, max-snippet:-1, max-image-preview:large, max-video-preview:-1\" \/>\n<link rel=\"canonical\" href=\"https:\/\/tpv-tenerife.com\/?product=balanza-minerva-56ppi-30kg\" \/>\n<meta property=\"og:locale\" content=\"es_ES\" \/>\n<meta property=\"og:type\" content=\"article\" \/>\n<meta property=\"og:title\" content=\"Balanza Minerva 56PPI 30KG - TPV Tenerife\" \/>\n<meta property=\"og:description\" content=\"La Balanza Minerva 56PPI 30KG peso precio importeDoble display LCD con d\u00edgitos de 14.5mmConexi\u00f3n RS232 (PC\/TPV)Auto cero y seguimiento de ceroFunci\u00f3n TARA.Funci\u00f3n cambio.Precio unitario por Kg o cada 100 g\" \/>\n<meta property=\"og:url\" content=\"https:\/\/tpv-tenerife.com\/?product=balanza-minerva-56ppi-30kg\" \/>\n<meta property=\"og:site_name\" content=\"TPV Tenerife\" \/>\n<meta property=\"article:modified_time\" content=\"2023-09-21T17:00:09+00:00\" \/>\n<meta property=\"og:image\" content=\"https:\/\/tpv-tenerife.com\/wp-content\/uploads\/2023\/09\/balanza-minerva-56ppi-15kg.webp\" \/>\n\t<meta property=\"og:image:width\" content=\"455\" \/>\n\t<meta property=\"og:image:height\" content=\"455\" \/>\n\t<meta property=\"og:image:type\" content=\"image\/webp\" \/>\n<meta name=\"twitter:card\" content=\"summary_large_image\" \/>\n<meta name=\"twitter:label1\" content=\"Tiempo de lectura\" \/>\n\t<meta name=\"twitter:data1\" content=\"1 minuto\" \/>\n<script type=\"application\/ld+json\" class=\"yoast-schema-graph\">{\"@context\":\"https:\\\/\\\/schema.org\",\"@graph\":[{\"@type\":\"WebPage\",\"@id\":\"https:\\\/\\\/tpv-tenerife.com\\\/?product=balanza-minerva-56ppi-30kg\",\"url\":\"https:\\\/\\\/tpv-tenerife.com\\\/?product=balanza-minerva-56ppi-30kg\",\"name\":\"Balanza Minerva 56PPI 30KG - TPV Tenerife\",\"isPartOf\":{\"@id\":\"https:\\\/\\\/tpv-tenerife.com\\\/#website\"},\"primaryImageOfPage\":{\"@id\":\"https:\\\/\\\/tpv-tenerife.com\\\/?product=balanza-minerva-56ppi-30kg#primaryimage\"},\"image\":{\"@id\":\"https:\\\/\\\/tpv-tenerife.com\\\/?product=balanza-minerva-56ppi-30kg#primaryimage\"},\"thumbnailUrl\":\"https:\\\/\\\/tpv-tenerife.com\\\/wp-content\\\/uploads\\\/2023\\\/09\\\/balanza-minerva-56ppi-15kg.webp\",\"datePublished\":\"2023-09-21T16:54:12+00:00\",\"dateModified\":\"2023-09-21T17:00:09+00:00\",\"description\":\"La Balanza Minerva 56PPI 30KG peso precio importeDoble display LCD con d\u00edgitos de 14.5mmConexi\u00f3n RS232 (PC\\\/TPV)Auto cero y seguimiento de ceroFunci\u00f3n TARA.Funci\u00f3n cambio.Precio unitario por Kg o cada 100 g\",\"breadcrumb\":{\"@id\":\"https:\\\/\\\/tpv-tenerife.com\\\/?product=balanza-minerva-56ppi-30kg#breadcrumb\"},\"inLanguage\":\"es\",\"potentialAction\":[{\"@type\":\"ReadAction\",\"target\":[\"https:\\\/\\\/tpv-tenerife.com\\\/?product=balanza-minerva-56ppi-30kg\"]}]},{\"@type\":\"ImageObject\",\"inLanguage\":\"es\",\"@id\":\"https:\\\/\\\/tpv-tenerife.com\\\/?product=balanza-minerva-56ppi-30kg#primaryimage\",\"url\":\"https:\\\/\\\/tpv-tenerife.com\\\/wp-content\\\/uploads\\\/2023\\\/09\\\/balanza-minerva-56ppi-15kg.webp\",\"contentUrl\":\"https:\\\/\\\/tpv-tenerife.com\\\/wp-content\\\/uploads\\\/2023\\\/09\\\/balanza-minerva-56ppi-15kg.webp\",\"width\":455,\"height\":455,\"caption\":\"BALANZA MINERVA 56PPI 15KG\"},{\"@type\":\"BreadcrumbList\",\"@id\":\"https:\\\/\\\/tpv-tenerife.com\\\/?product=balanza-minerva-56ppi-30kg#breadcrumb\",\"itemListElement\":[{\"@type\":\"ListItem\",\"position\":1,\"name\":\"Inicio\",\"item\":\"https:\\\/\\\/tpv-tenerife.com\\\/\"},{\"@type\":\"ListItem\",\"position\":2,\"name\":\"Tienda\",\"item\":\"https:\\\/\\\/tpv-tenerife.com\\\/?page_id=208\"},{\"@type\":\"ListItem\",\"position\":3,\"name\":\"Balanza Minerva 56PPI 30KG\"}]},{\"@type\":\"WebSite\",\"@id\":\"https:\\\/\\\/tpv-tenerife.com\\\/#website\",\"url\":\"https:\\\/\\\/tpv-tenerife.com\\\/\",\"name\":\"TPV Tenerife\",\"description\":\"TPV Tenerife\",\"publisher\":{\"@id\":\"https:\\\/\\\/tpv-tenerife.com\\\/#organization\"},\"potentialAction\":[{\"@type\":\"SearchAction\",\"target\":{\"@type\":\"EntryPoint\",\"urlTemplate\":\"https:\\\/\\\/tpv-tenerife.com\\\/?s={search_term_string}\"},\"query-input\":{\"@type\":\"PropertyValueSpecification\",\"valueRequired\":true,\"valueName\":\"search_term_string\"}}],\"inLanguage\":\"es\"},{\"@type\":\"Organization\",\"@id\":\"https:\\\/\\\/tpv-tenerife.com\\\/#organization\",\"name\":\"TPV Tenerife\",\"alternateName\":\"Mega Ram - TPV Tenerife\",\"url\":\"https:\\\/\\\/tpv-tenerife.com\\\/\",\"logo\":{\"@type\":\"ImageObject\",\"inLanguage\":\"es\",\"@id\":\"https:\\\/\\\/tpv-tenerife.com\\\/#\\\/schema\\\/logo\\\/image\\\/\",\"url\":\"https:\\\/\\\/tpv-tenerife.com\\\/wp-content\\\/uploads\\\/2023\\\/07\\\/logo.webp\",\"contentUrl\":\"https:\\\/\\\/tpv-tenerife.com\\\/wp-content\\\/uploads\\\/2023\\\/07\\\/logo.webp\",\"width\":800,\"height\":247,\"caption\":\"TPV Tenerife\"},\"image\":{\"@id\":\"https:\\\/\\\/tpv-tenerife.com\\\/#\\\/schema\\\/logo\\\/image\\\/\"}}]}<\/script>\n<!-- \/ Yoast SEO plugin. -->","yoast_head_json":{"title":"Balanza Minerva 56PPI 30KG - TPV Tenerife","description":"La Balanza Minerva 56PPI 30KG peso precio importeDoble display LCD con d\u00edgitos de 14.5mmConexi\u00f3n RS232 (PC\/TPV)Auto cero y seguimiento de ceroFunci\u00f3n TARA.Funci\u00f3n cambio.Precio unitario por Kg o cada 100 g","robots":{"index":"index","follow":"follow","max-snippet":"max-snippet:-1","max-image-preview":"max-image-preview:large","max-video-preview":"max-video-preview:-1"},"canonical":"https:\/\/tpv-tenerife.com\/?product=balanza-minerva-56ppi-30kg","og_locale":"es_ES","og_type":"article","og_title":"Balanza Minerva 56PPI 30KG - TPV Tenerife","og_description":"La Balanza Minerva 56PPI 30KG peso precio importeDoble display LCD con d\u00edgitos de 14.5mmConexi\u00f3n RS232 (PC\/TPV)Auto cero y seguimiento de ceroFunci\u00f3n TARA.Funci\u00f3n cambio.Precio unitario por Kg o cada 100 g","og_url":"https:\/\/tpv-tenerife.com\/?product=balanza-minerva-56ppi-30kg","og_site_name":"TPV Tenerife","article_modified_time":"2023-09-21T17:00:09+00:00","og_image":[{"width":455,"height":455,"url":"https:\/\/tpv-tenerife.com\/wp-content\/uploads\/2023\/09\/balanza-minerva-56ppi-15kg.webp","type":"image\/webp"}],"twitter_card":"summary_large_image","twitter_misc":{"Tiempo de lectura":"1 minuto"},"schema":{"@context":"https:\/\/schema.org","@graph":[{"@type":"WebPage","@id":"https:\/\/tpv-tenerife.com\/?product=balanza-minerva-56ppi-30kg","url":"https:\/\/tpv-tenerife.com\/?product=balanza-minerva-56ppi-30kg","name":"Balanza Minerva 56PPI 30KG - TPV Tenerife","isPartOf":{"@id":"https:\/\/tpv-tenerife.com\/#website"},"primaryImageOfPage":{"@id":"https:\/\/tpv-tenerife.com\/?product=balanza-minerva-56ppi-30kg#primaryimage"},"image":{"@id":"https:\/\/tpv-tenerife.com\/?product=balanza-minerva-56ppi-30kg#primaryimage"},"thumbnailUrl":"https:\/\/tpv-tenerife.com\/wp-content\/uploads\/2023\/09\/balanza-minerva-56ppi-15kg.webp","datePublished":"2023-09-21T16:54:12+00:00","dateModified":"2023-09-21T17:00:09+00:00","description":"La Balanza Minerva 56PPI 30KG peso precio importeDoble display LCD con d\u00edgitos de 14.5mmConexi\u00f3n RS232 (PC\/TPV)Auto cero y seguimiento de ceroFunci\u00f3n TARA.Funci\u00f3n cambio.Precio unitario por Kg o cada 100 g","breadcrumb":{"@id":"https:\/\/tpv-tenerife.com\/?product=balanza-minerva-56ppi-30kg#breadcrumb"},"inLanguage":"es","potentialAction":[{"@type":"ReadAction","target":["https:\/\/tpv-tenerife.com\/?product=balanza-minerva-56ppi-30kg"]}]},{"@type":"ImageObject","inLanguage":"es","@id":"https:\/\/tpv-tenerife.com\/?product=balanza-minerva-56ppi-30kg#primaryimage","url":"https:\/\/tpv-tenerife.com\/wp-content\/uploads\/2023\/09\/balanza-minerva-56ppi-15kg.webp","contentUrl":"https:\/\/tpv-tenerife.com\/wp-content\/uploads\/2023\/09\/balanza-minerva-56ppi-15kg.webp","width":455,"height":455,"caption":"BALANZA MINERVA 56PPI 15KG"},{"@type":"BreadcrumbList","@id":"https:\/\/tpv-tenerife.com\/?product=balanza-minerva-56ppi-30kg#breadcrumb","itemListElement":[{"@type":"ListItem","position":1,"name":"Inicio","item":"https:\/\/tpv-tenerife.com\/"},{"@type":"ListItem","position":2,"name":"Tienda","item":"https:\/\/tpv-tenerife.com\/?page_id=208"},{"@type":"ListItem","position":3,"name":"Balanza Minerva 56PPI 30KG"}]},{"@type":"WebSite","@id":"https:\/\/tpv-tenerife.com\/#website","url":"https:\/\/tpv-tenerife.com\/","name":"TPV Tenerife","description":"TPV Tenerife","publisher":{"@id":"https:\/\/tpv-tenerife.com\/#organization"},"potentialAction":[{"@type":"SearchAction","target":{"@type":"EntryPoint","urlTemplate":"https:\/\/tpv-tenerife.com\/?s={search_term_string}"},"query-input":{"@type":"PropertyValueSpecification","valueRequired":true,"valueName":"search_term_string"}}],"inLanguage":"es"},{"@type":"Organization","@id":"https:\/\/tpv-tenerife.com\/#organization","name":"TPV Tenerife","alternateName":"Mega Ram - TPV Tenerife","url":"https:\/\/tpv-tenerife.com\/","logo":{"@type":"ImageObject","inLanguage":"es","@id":"https:\/\/tpv-tenerife.com\/#\/schema\/logo\/image\/","url":"https:\/\/tpv-tenerife.com\/wp-content\/uploads\/2023\/07\/logo.webp","contentUrl":"https:\/\/tpv-tenerife.com\/wp-content\/uploads\/2023\/07\/logo.webp","width":800,"height":247,"caption":"TPV Tenerife"},"image":{"@id":"https:\/\/tpv-tenerife.com\/#\/schema\/logo\/image\/"}}]}},"_links":{"self":[{"href":"https:\/\/tpv-tenerife.com\/index.php?rest_route=\/wp\/v2\/product\/4993","targetHints":{"allow":["GET"]}}],"collection":[{"href":"https:\/\/tpv-tenerife.com\/index.php?rest_route=\/wp\/v2\/product"}],"about":[{"href":"https:\/\/tpv-tenerife.com\/index.php?rest_route=\/wp\/v2\/types\/product"}],"wp:featuredmedia":[{"embeddable":true,"href":"https:\/\/tpv-tenerife.com\/index.php?rest_route=\/wp\/v2\/media\/4991"}],"wp:attachment":[{"href":"https:\/\/tpv-tenerife.com\/index.php?rest_route=%2Fwp%2Fv2%2Fmedia&parent=4993"}],"wp:term":[{"taxonomy":"product_brand","embeddable":true,"href":"https:\/\/tpv-tenerife.com\/index.php?rest_route=%2Fwp%2Fv2%2Fproduct_brand&post=4993"},{"taxonomy":"product_cat","embeddable":true,"href":"https:\/\/tpv-tenerife.com\/index.php?rest_route=%2Fwp%2Fv2%2Fproduct_cat&post=4993"},{"taxonomy":"product_tag","embeddable":true,"href":"https:\/\/tpv-tenerife.com\/index.php?rest_route=%2Fwp%2Fv2%2Fproduct_tag&post=4993"}],"curies":[{"name":"wp","href":"https:\/\/api.w.org\/{rel}","templated":true}]}}