{"id":4922,"date":"2023-09-19T18:21:43","date_gmt":"2023-09-19T18:21:43","guid":{"rendered":"https:\/\/tpv-tenerife.com\/?post_type=product&#038;p=4922"},"modified":"2023-09-27T18:38:04","modified_gmt":"2023-09-27T18:38:04","slug":"visor-usb-black-2x20","status":"publish","type":"product","link":"https:\/\/tpv-tenerife.com\/?product=visor-usb-black-2x20","title":{"rendered":"VISOR USB BLACK 2X20"},"content":{"rendered":"<pre>\u00a1No pierdas la oportunidad de mejorar la experiencia de tus clientes con el visor<strong> VFD220<\/strong>! Este incre\u00edble visor de clientes cuenta con una pantalla fluorescente de 20 columnas x 2 l\u00edneas y soporta 11 comandos de programaci\u00f3n para que puedas personalizarlo a tus necesidades. Adem\u00e1s, su conexi\u00f3n USB y \u00e1ngulo de visi\u00f3n regulable lo hacen s\u00faper f\u00e1cil de instalar y ajustar. \u00a1Haz que tus clientes se sientan valorados y c\u00f3modos en tu establecimiento con el visor VFD220!<\/pre>\n<pre>Especificaciones T\u00e9cnicas:<\/pre>\n<table>\n<tbody>\n<tr>\n<td>\n<pre><strong>Color de la pantalla<\/strong><\/pre>\n<\/td>\n<td>\n<pre>Verde<\/pre>\n<\/td>\n<\/tr>\n<tr>\n<td>\n<pre><strong>M\u00e9todo de visualizaci\u00f3n<\/strong><\/pre>\n<\/td>\n<td>\n<pre>Pantalla de visualizaci\u00f3n fluorescente al vac\u00edo<\/pre>\n<\/td>\n<\/tr>\n<tr>\n<td>\n<pre><strong>Modo de visualizaci\u00f3n<\/strong><\/pre>\n<\/td>\n<td>\n<pre>2 l\u00edneas * 20 caracteres<\/pre>\n<\/td>\n<\/tr>\n<tr>\n<td>\n<pre><strong>Brillo<\/strong><\/pre>\n<\/td>\n<td>\n<pre>700cd\/m2<\/pre>\n<\/td>\n<\/tr>\n<tr>\n<td>\n<pre><strong>Tipo de car\u00e1cter<\/strong><\/pre>\n<\/td>\n<td>\n<pre>96 alfanum\u00e9ricos, 26 tipos de caracteres internacionales<\/pre>\n<\/td>\n<\/tr>\n<tr>\n<td>\n<pre><strong>Fuente de caracteres<\/strong><\/pre>\n<\/td>\n<td>\n<pre>Matriz de puntos de 5X7<\/pre>\n<\/td>\n<\/tr>\n<tr>\n<td>\n<pre><strong>Tama\u00f1o del car\u00e1cter<\/strong><\/pre>\n<\/td>\n<td>\n<pre>9,0 mm x 5,25 mm<\/pre>\n<\/td>\n<\/tr>\n<tr>\n<td>\n<pre><strong>Tama\u00f1o de punto<\/strong><\/pre>\n<\/td>\n<td>\n<pre>1,33 x 1,1 mm<\/pre>\n<\/td>\n<\/tr>\n<tr>\n<td>\n<pre><strong>P\u00e1gina de c\u00f3digos<\/strong><\/pre>\n<\/td>\n<td>\n<pre>20\u00a0<strong>p\u00e1ginas de c\u00f3digo<\/strong><\/pre>\n<\/td>\n<\/tr>\n<tr>\n<td>\n<pre><strong>\u00c1rea de visualizaci\u00f3n<\/strong><\/pre>\n<\/td>\n<td>\n<pre>-5 ~ 60\u00b0<\/pre>\n<\/td>\n<\/tr>\n<tr>\n<td>\n<pre><strong>Dimensi\u00f3n del panel<\/strong><\/pre>\n<\/td>\n<td>\n<pre>200 (W) * 60 (H) * 35 (D)<\/pre>\n<\/td>\n<\/tr>\n<tr>\n<td>\n<pre><strong>\u00c1ngulo de visi\u00f3n<\/strong><\/pre>\n<\/td>\n<td>\n<pre>188 mm (L) x 40 mm (W)<\/pre>\n<\/td>\n<\/tr>\n<tr>\n<td>\n<pre><strong>Rotaci\u00f3n horizontal<\/strong><\/pre>\n<\/td>\n<td>\n<pre>M\u00e1ximo 350\u00b0<\/pre>\n<\/td>\n<\/tr>\n<tr>\n<td>\n<pre><strong>Peso<\/strong><\/pre>\n<\/td>\n<td>\n<pre>0,9 KG<\/pre>\n<\/td>\n<\/tr>\n<tr>\n<td>\n<pre><strong>Modo de comandos<\/strong><\/pre>\n<\/td>\n<td>\n<pre>ESC\/POS\/CD5220\/DSP800\/UTC......<\/pre>\n<\/td>\n<\/tr>\n<tr>\n<td>\n<pre><strong>Soporte de idiomas<\/strong><\/pre>\n<\/td>\n<td>\n<pre>Ingl\u00e9s estadounidense, ingl\u00e9s brit\u00e1nico, turco, bosnio, croata, checo, dan\u00e9s, holand\u00e9s, estonio, fero\u00e9s, finland\u00e9s, flamenco, franc\u00e9s, franc\u00e9s canadiense, alem\u00e1n, griego, hebreo, h\u00fangaro, island\u00e9s, indonesio, irland\u00e9s, italiano, katakana, let\u00f3n, lituano, noruego, polaco, portugu\u00e9s, rumano, ruso, esloveno, eslovaco, espa\u00f1ol, sueco\u2026<\/pre>\n<\/td>\n<\/tr>\n<tr>\n<td>\n<pre><strong>Interfaz<\/strong><\/pre>\n<\/td>\n<td>\n<pre>USB<\/pre>\n<\/td>\n<\/tr>\n<tr>\n<td>\n<pre><strong>Baudrate<\/strong><\/pre>\n<\/td>\n<td>\n<pre>2400\/9600 BPS,<\/pre>\n<\/td>\n<\/tr>\n<tr>\n<td>\n<pre><strong>MTBF<\/strong><\/pre>\n<\/td>\n<td>\n<pre>40.000 horas<\/pre>\n<\/td>\n<\/tr>\n<tr>\n<td>\n<pre><strong>Fuente de alimentaci\u00f3n<\/strong><\/pre>\n<\/td>\n<td>\n<pre>DC5V 1A<\/pre>\n<\/td>\n<\/tr>\n<tr>\n<td>\n<pre><strong>Certificado<\/strong><\/pre>\n<\/td>\n<td>\n<pre>CE, ROHS, FCC<\/pre>\n<\/td>\n<\/tr>\n<\/tbody>\n<\/table>\n","protected":false},"excerpt":{"rendered":"<p>\u00a1No pierdas la oportunidad de mejorar la experiencia de tus clientes con el visor VFD220! Este incre\u00edble visor de clientes cuenta con una pantalla fluorescente de 20 columnas x 2 l\u00edneas y soporta 11 comandos de programaci\u00f3n para que puedas personalizarlo a tus necesidades. Adem\u00e1s, su conexi\u00f3n USB y \u00e1ngulo de visi\u00f3n regulable lo hacen [&hellip;]<\/p>\n","protected":false},"featured_media":4923,"template":"","meta":[],"product_brand":[],"product_cat":[100],"product_tag":[142],"class_list":{"0":"post-4922","1":"product","2":"type-product","3":"status-publish","4":"has-post-thumbnail","6":"product_cat-monitores-y-visores","7":"product_tag-visor","9":"first","10":"instock","11":"taxable","12":"shipping-taxable","13":"purchasable","14":"product-type-simple"},"yoast_head":"<!-- This site is optimized with the Yoast SEO plugin v27.5 - https:\/\/yoast.com\/product\/yoast-seo-wordpress\/ -->\n<title>VISOR USB BLACK 2X20 - TPV Tenerife<\/title>\n<meta name=\"description\" content=\"\u00a1No pierdas la oportunidad de mejorar la experiencia de tus clientes con el visor VFD220! Este incre\u00edble visor de clientes cuenta con una pantalla fluorescente de 20 columnas x 2 l\u00edneas y soporta 11 comandos de programaci\u00f3n para que puedas personalizarlo a tus necesidades.\" \/>\n<meta name=\"robots\" content=\"index, follow, max-snippet:-1, max-image-preview:large, max-video-preview:-1\" \/>\n<link rel=\"canonical\" href=\"https:\/\/tpv-tenerife.com\/?product=visor-usb-black-2x20\" \/>\n<meta property=\"og:locale\" content=\"es_ES\" \/>\n<meta property=\"og:type\" content=\"article\" \/>\n<meta property=\"og:title\" content=\"VISOR USB BLACK 2X20 - TPV Tenerife\" \/>\n<meta property=\"og:description\" content=\"\u00a1No pierdas la oportunidad de mejorar la experiencia de tus clientes con el visor VFD220! Este incre\u00edble visor de clientes cuenta con una pantalla fluorescente de 20 columnas x 2 l\u00edneas y soporta 11 comandos de programaci\u00f3n para que puedas personalizarlo a tus necesidades.\" \/>\n<meta property=\"og:url\" content=\"https:\/\/tpv-tenerife.com\/?product=visor-usb-black-2x20\" \/>\n<meta property=\"og:site_name\" content=\"TPV Tenerife\" \/>\n<meta property=\"article:modified_time\" content=\"2023-09-27T18:38:04+00:00\" \/>\n<meta property=\"og:image\" content=\"https:\/\/tpv-tenerife.com\/wp-content\/uploads\/2023\/09\/visor-avpos-vfd220-usb-black-2x20-1.webp\" \/>\n\t<meta property=\"og:image:width\" content=\"455\" \/>\n\t<meta property=\"og:image:height\" content=\"455\" \/>\n\t<meta property=\"og:image:type\" content=\"image\/webp\" \/>\n<meta name=\"twitter:card\" content=\"summary_large_image\" \/>\n<script type=\"application\/ld+json\" class=\"yoast-schema-graph\">{\"@context\":\"https:\\\/\\\/schema.org\",\"@graph\":[{\"@type\":\"WebPage\",\"@id\":\"https:\\\/\\\/tpv-tenerife.com\\\/?product=visor-usb-black-2x20\",\"url\":\"https:\\\/\\\/tpv-tenerife.com\\\/?product=visor-usb-black-2x20\",\"name\":\"VISOR USB BLACK 2X20 - TPV Tenerife\",\"isPartOf\":{\"@id\":\"https:\\\/\\\/tpv-tenerife.com\\\/#website\"},\"primaryImageOfPage\":{\"@id\":\"https:\\\/\\\/tpv-tenerife.com\\\/?product=visor-usb-black-2x20#primaryimage\"},\"image\":{\"@id\":\"https:\\\/\\\/tpv-tenerife.com\\\/?product=visor-usb-black-2x20#primaryimage\"},\"thumbnailUrl\":\"https:\\\/\\\/tpv-tenerife.com\\\/wp-content\\\/uploads\\\/2023\\\/09\\\/visor-avpos-vfd220-usb-black-2x20-1.webp\",\"datePublished\":\"2023-09-19T18:21:43+00:00\",\"dateModified\":\"2023-09-27T18:38:04+00:00\",\"description\":\"\u00a1No pierdas la oportunidad de mejorar la experiencia de tus clientes con el visor VFD220! Este incre\u00edble visor de clientes cuenta con una pantalla fluorescente de 20 columnas x 2 l\u00edneas y soporta 11 comandos de programaci\u00f3n para que puedas personalizarlo a tus necesidades.\",\"breadcrumb\":{\"@id\":\"https:\\\/\\\/tpv-tenerife.com\\\/?product=visor-usb-black-2x20#breadcrumb\"},\"inLanguage\":\"es\",\"potentialAction\":[{\"@type\":\"ReadAction\",\"target\":[\"https:\\\/\\\/tpv-tenerife.com\\\/?product=visor-usb-black-2x20\"]}]},{\"@type\":\"ImageObject\",\"inLanguage\":\"es\",\"@id\":\"https:\\\/\\\/tpv-tenerife.com\\\/?product=visor-usb-black-2x20#primaryimage\",\"url\":\"https:\\\/\\\/tpv-tenerife.com\\\/wp-content\\\/uploads\\\/2023\\\/09\\\/visor-avpos-vfd220-usb-black-2x20-1.webp\",\"contentUrl\":\"https:\\\/\\\/tpv-tenerife.com\\\/wp-content\\\/uploads\\\/2023\\\/09\\\/visor-avpos-vfd220-usb-black-2x20-1.webp\",\"width\":455,\"height\":455,\"caption\":\"Visor para TPV usb\"},{\"@type\":\"BreadcrumbList\",\"@id\":\"https:\\\/\\\/tpv-tenerife.com\\\/?product=visor-usb-black-2x20#breadcrumb\",\"itemListElement\":[{\"@type\":\"ListItem\",\"position\":1,\"name\":\"Inicio\",\"item\":\"https:\\\/\\\/tpv-tenerife.com\\\/\"},{\"@type\":\"ListItem\",\"position\":2,\"name\":\"Tienda\",\"item\":\"https:\\\/\\\/tpv-tenerife.com\\\/?page_id=208\"},{\"@type\":\"ListItem\",\"position\":3,\"name\":\"VISOR USB BLACK 2X20\"}]},{\"@type\":\"WebSite\",\"@id\":\"https:\\\/\\\/tpv-tenerife.com\\\/#website\",\"url\":\"https:\\\/\\\/tpv-tenerife.com\\\/\",\"name\":\"TPV Tenerife\",\"description\":\"TPV Tenerife\",\"publisher\":{\"@id\":\"https:\\\/\\\/tpv-tenerife.com\\\/#organization\"},\"potentialAction\":[{\"@type\":\"SearchAction\",\"target\":{\"@type\":\"EntryPoint\",\"urlTemplate\":\"https:\\\/\\\/tpv-tenerife.com\\\/?s={search_term_string}\"},\"query-input\":{\"@type\":\"PropertyValueSpecification\",\"valueRequired\":true,\"valueName\":\"search_term_string\"}}],\"inLanguage\":\"es\"},{\"@type\":\"Organization\",\"@id\":\"https:\\\/\\\/tpv-tenerife.com\\\/#organization\",\"name\":\"TPV Tenerife\",\"alternateName\":\"Mega Ram - TPV Tenerife\",\"url\":\"https:\\\/\\\/tpv-tenerife.com\\\/\",\"logo\":{\"@type\":\"ImageObject\",\"inLanguage\":\"es\",\"@id\":\"https:\\\/\\\/tpv-tenerife.com\\\/#\\\/schema\\\/logo\\\/image\\\/\",\"url\":\"https:\\\/\\\/tpv-tenerife.com\\\/wp-content\\\/uploads\\\/2023\\\/07\\\/logo.webp\",\"contentUrl\":\"https:\\\/\\\/tpv-tenerife.com\\\/wp-content\\\/uploads\\\/2023\\\/07\\\/logo.webp\",\"width\":800,\"height\":247,\"caption\":\"TPV Tenerife\"},\"image\":{\"@id\":\"https:\\\/\\\/tpv-tenerife.com\\\/#\\\/schema\\\/logo\\\/image\\\/\"}}]}<\/script>\n<!-- \/ Yoast SEO plugin. -->","yoast_head_json":{"title":"VISOR USB BLACK 2X20 - TPV Tenerife","description":"\u00a1No pierdas la oportunidad de mejorar la experiencia de tus clientes con el visor VFD220! Este incre\u00edble visor de clientes cuenta con una pantalla fluorescente de 20 columnas x 2 l\u00edneas y soporta 11 comandos de programaci\u00f3n para que puedas personalizarlo a tus necesidades.","robots":{"index":"index","follow":"follow","max-snippet":"max-snippet:-1","max-image-preview":"max-image-preview:large","max-video-preview":"max-video-preview:-1"},"canonical":"https:\/\/tpv-tenerife.com\/?product=visor-usb-black-2x20","og_locale":"es_ES","og_type":"article","og_title":"VISOR USB BLACK 2X20 - TPV Tenerife","og_description":"\u00a1No pierdas la oportunidad de mejorar la experiencia de tus clientes con el visor VFD220! Este incre\u00edble visor de clientes cuenta con una pantalla fluorescente de 20 columnas x 2 l\u00edneas y soporta 11 comandos de programaci\u00f3n para que puedas personalizarlo a tus necesidades.","og_url":"https:\/\/tpv-tenerife.com\/?product=visor-usb-black-2x20","og_site_name":"TPV Tenerife","article_modified_time":"2023-09-27T18:38:04+00:00","og_image":[{"width":455,"height":455,"url":"https:\/\/tpv-tenerife.com\/wp-content\/uploads\/2023\/09\/visor-avpos-vfd220-usb-black-2x20-1.webp","type":"image\/webp"}],"twitter_card":"summary_large_image","schema":{"@context":"https:\/\/schema.org","@graph":[{"@type":"WebPage","@id":"https:\/\/tpv-tenerife.com\/?product=visor-usb-black-2x20","url":"https:\/\/tpv-tenerife.com\/?product=visor-usb-black-2x20","name":"VISOR USB BLACK 2X20 - TPV Tenerife","isPartOf":{"@id":"https:\/\/tpv-tenerife.com\/#website"},"primaryImageOfPage":{"@id":"https:\/\/tpv-tenerife.com\/?product=visor-usb-black-2x20#primaryimage"},"image":{"@id":"https:\/\/tpv-tenerife.com\/?product=visor-usb-black-2x20#primaryimage"},"thumbnailUrl":"https:\/\/tpv-tenerife.com\/wp-content\/uploads\/2023\/09\/visor-avpos-vfd220-usb-black-2x20-1.webp","datePublished":"2023-09-19T18:21:43+00:00","dateModified":"2023-09-27T18:38:04+00:00","description":"\u00a1No pierdas la oportunidad de mejorar la experiencia de tus clientes con el visor VFD220! Este incre\u00edble visor de clientes cuenta con una pantalla fluorescente de 20 columnas x 2 l\u00edneas y soporta 11 comandos de programaci\u00f3n para que puedas personalizarlo a tus necesidades.","breadcrumb":{"@id":"https:\/\/tpv-tenerife.com\/?product=visor-usb-black-2x20#breadcrumb"},"inLanguage":"es","potentialAction":[{"@type":"ReadAction","target":["https:\/\/tpv-tenerife.com\/?product=visor-usb-black-2x20"]}]},{"@type":"ImageObject","inLanguage":"es","@id":"https:\/\/tpv-tenerife.com\/?product=visor-usb-black-2x20#primaryimage","url":"https:\/\/tpv-tenerife.com\/wp-content\/uploads\/2023\/09\/visor-avpos-vfd220-usb-black-2x20-1.webp","contentUrl":"https:\/\/tpv-tenerife.com\/wp-content\/uploads\/2023\/09\/visor-avpos-vfd220-usb-black-2x20-1.webp","width":455,"height":455,"caption":"Visor para TPV usb"},{"@type":"BreadcrumbList","@id":"https:\/\/tpv-tenerife.com\/?product=visor-usb-black-2x20#breadcrumb","itemListElement":[{"@type":"ListItem","position":1,"name":"Inicio","item":"https:\/\/tpv-tenerife.com\/"},{"@type":"ListItem","position":2,"name":"Tienda","item":"https:\/\/tpv-tenerife.com\/?page_id=208"},{"@type":"ListItem","position":3,"name":"VISOR USB BLACK 2X20"}]},{"@type":"WebSite","@id":"https:\/\/tpv-tenerife.com\/#website","url":"https:\/\/tpv-tenerife.com\/","name":"TPV Tenerife","description":"TPV Tenerife","publisher":{"@id":"https:\/\/tpv-tenerife.com\/#organization"},"potentialAction":[{"@type":"SearchAction","target":{"@type":"EntryPoint","urlTemplate":"https:\/\/tpv-tenerife.com\/?s={search_term_string}"},"query-input":{"@type":"PropertyValueSpecification","valueRequired":true,"valueName":"search_term_string"}}],"inLanguage":"es"},{"@type":"Organization","@id":"https:\/\/tpv-tenerife.com\/#organization","name":"TPV Tenerife","alternateName":"Mega Ram - TPV Tenerife","url":"https:\/\/tpv-tenerife.com\/","logo":{"@type":"ImageObject","inLanguage":"es","@id":"https:\/\/tpv-tenerife.com\/#\/schema\/logo\/image\/","url":"https:\/\/tpv-tenerife.com\/wp-content\/uploads\/2023\/07\/logo.webp","contentUrl":"https:\/\/tpv-tenerife.com\/wp-content\/uploads\/2023\/07\/logo.webp","width":800,"height":247,"caption":"TPV Tenerife"},"image":{"@id":"https:\/\/tpv-tenerife.com\/#\/schema\/logo\/image\/"}}]}},"_links":{"self":[{"href":"https:\/\/tpv-tenerife.com\/index.php?rest_route=\/wp\/v2\/product\/4922","targetHints":{"allow":["GET"]}}],"collection":[{"href":"https:\/\/tpv-tenerife.com\/index.php?rest_route=\/wp\/v2\/product"}],"about":[{"href":"https:\/\/tpv-tenerife.com\/index.php?rest_route=\/wp\/v2\/types\/product"}],"wp:featuredmedia":[{"embeddable":true,"href":"https:\/\/tpv-tenerife.com\/index.php?rest_route=\/wp\/v2\/media\/4923"}],"wp:attachment":[{"href":"https:\/\/tpv-tenerife.com\/index.php?rest_route=%2Fwp%2Fv2%2Fmedia&parent=4922"}],"wp:term":[{"taxonomy":"product_brand","embeddable":true,"href":"https:\/\/tpv-tenerife.com\/index.php?rest_route=%2Fwp%2Fv2%2Fproduct_brand&post=4922"},{"taxonomy":"product_cat","embeddable":true,"href":"https:\/\/tpv-tenerife.com\/index.php?rest_route=%2Fwp%2Fv2%2Fproduct_cat&post=4922"},{"taxonomy":"product_tag","embeddable":true,"href":"https:\/\/tpv-tenerife.com\/index.php?rest_route=%2Fwp%2Fv2%2Fproduct_tag&post=4922"}],"curies":[{"name":"wp","href":"https:\/\/api.w.org\/{rel}","templated":true}]}}