{"id":4816,"date":"2023-09-14T15:15:43","date_gmt":"2023-09-14T15:15:43","guid":{"rendered":"https:\/\/tpv-tenerife.com\/?post_type=product&#038;p=4816"},"modified":"2023-09-15T16:10:45","modified_gmt":"2023-09-15T16:10:45","slug":"cajon-portamonedas-46cm-vertical-negro","status":"publish","type":"product","link":"https:\/\/tpv-tenerife.com\/?product=cajon-portamonedas-46cm-vertical-negro","title":{"rendered":"Caj\u00f3n Portamonedas 46cm Vertical negro"},"content":{"rendered":"<p>Caj\u00f3n el\u00e9ctrico 46&#215;46 con doble ranura frontal para guardar cheques y otros documentos sin necesidad de abrir el caj\u00f3n. Tiene llave de seguridad. Caj\u00f3n extra\u00edble con las gavetas para monedas separables.<\/p>\n<h3><strong>Caracter\u00edsticas<\/strong><\/h3>\n<ul>\n<li>Caj\u00f3n El\u00e9ctrico 46&#215;46<\/li>\n<li>Conexi\u00f3n RJ11 de 24v.<\/li>\n<li>10 Gavetas para monedas<\/li>\n<li>5 Compartimentos para billetes<\/li>\n<li>Dimensiones: 46cm (Ancho), 46,5cm (Largo) y 11cm (Alto)<\/li>\n<li>Color : Negro<\/li>\n<\/ul>\n<p>El caj\u00f3n portamonedas MK460 tiene un valor asequible sin comprometer la calidad y la confiabilidad. Su s\u00f3lida cubierta de acero y la irrompible gaveta de material pl\u00e1stico est\u00e1n dise\u00f1adas para cumplir con las necesidades de negocios. El MK460 cuenta con un mecanismo de cierre resistente.<\/p>\n","protected":false},"excerpt":{"rendered":"<p>Caj\u00f3n el\u00e9ctrico 46&#215;46 con doble ranura frontal para guardar cheques y otros documentos sin necesidad de abrir el caj\u00f3n. Tiene llave de seguridad. Caj\u00f3n extra\u00edble con las gavetas para monedas separables. Caracter\u00edsticas Caj\u00f3n El\u00e9ctrico 46&#215;46 Conexi\u00f3n RJ11 de 24v. 10 Gavetas para monedas 5 Compartimentos para billetes Dimensiones: 46cm (Ancho), 46,5cm (Largo) y 11cm (Alto) [&hellip;]<\/p>\n","protected":false},"featured_media":4817,"template":"","meta":[],"product_brand":[],"product_cat":[40],"product_tag":[91,90,92],"class_list":{"0":"post-4816","1":"product","2":"type-product","3":"status-publish","4":"has-post-thumbnail","6":"product_cat-cajones-portamonedas","7":"product_tag-cajon-monedas","8":"product_tag-cajon-portamonedas","9":"product_tag-cajon-vertical","11":"first","12":"instock","13":"taxable","14":"shipping-taxable","15":"purchasable","16":"product-type-simple"},"yoast_head":"<!-- This site is optimized with the Yoast SEO plugin v27.5 - https:\/\/yoast.com\/product\/yoast-seo-wordpress\/ -->\n<title>Caj\u00f3n Portamonedas 46cm Vertical negro - TPV Tenerife<\/title>\n<meta name=\"description\" content=\"El caj\u00f3n portamonedas MK460 tiene un valor asequible sin comprometer la calidad y la confiabilidad.Su s\u00f3lida cubierta de acero y la irrompible gaveta de material pl\u00e1stico est\u00e1n dise\u00f1adas para cumplir con las necesidades de negocios.El MK460 cuenta con un mecanismo de cierre resistente.\" \/>\n<meta name=\"robots\" content=\"index, follow, max-snippet:-1, max-image-preview:large, max-video-preview:-1\" \/>\n<link rel=\"canonical\" href=\"https:\/\/tpv-tenerife.com\/?product=cajon-portamonedas-46cm-vertical-negro\" \/>\n<meta property=\"og:locale\" content=\"es_ES\" \/>\n<meta property=\"og:type\" content=\"article\" \/>\n<meta property=\"og:title\" content=\"Caj\u00f3n Portamonedas 46cm Vertical negro - TPV Tenerife\" \/>\n<meta property=\"og:description\" content=\"El caj\u00f3n portamonedas MK460 tiene un valor asequible sin comprometer la calidad y la confiabilidad.Su s\u00f3lida cubierta de acero y la irrompible gaveta de material pl\u00e1stico est\u00e1n dise\u00f1adas para cumplir con las necesidades de negocios.El MK460 cuenta con un mecanismo de cierre resistente.\" \/>\n<meta property=\"og:url\" content=\"https:\/\/tpv-tenerife.com\/?product=cajon-portamonedas-46cm-vertical-negro\" \/>\n<meta property=\"og:site_name\" content=\"TPV Tenerife\" \/>\n<meta property=\"article:modified_time\" content=\"2023-09-15T16:10:45+00:00\" \/>\n<meta property=\"og:image\" content=\"https:\/\/tpv-tenerife.com\/wp-content\/uploads\/2023\/09\/cajon-portamonedas-46cm-vertical-black2.webp\" \/>\n\t<meta property=\"og:image:width\" content=\"800\" \/>\n\t<meta property=\"og:image:height\" content=\"800\" \/>\n\t<meta property=\"og:image:type\" content=\"image\/webp\" \/>\n<meta name=\"twitter:card\" content=\"summary_large_image\" \/>\n<meta name=\"twitter:label1\" content=\"Tiempo de lectura\" \/>\n\t<meta name=\"twitter:data1\" content=\"1 minuto\" \/>\n<script type=\"application\/ld+json\" class=\"yoast-schema-graph\">{\"@context\":\"https:\\\/\\\/schema.org\",\"@graph\":[{\"@type\":\"WebPage\",\"@id\":\"https:\\\/\\\/tpv-tenerife.com\\\/?product=cajon-portamonedas-46cm-vertical-negro\",\"url\":\"https:\\\/\\\/tpv-tenerife.com\\\/?product=cajon-portamonedas-46cm-vertical-negro\",\"name\":\"Caj\u00f3n Portamonedas 46cm Vertical negro - TPV Tenerife\",\"isPartOf\":{\"@id\":\"https:\\\/\\\/tpv-tenerife.com\\\/#website\"},\"primaryImageOfPage\":{\"@id\":\"https:\\\/\\\/tpv-tenerife.com\\\/?product=cajon-portamonedas-46cm-vertical-negro#primaryimage\"},\"image\":{\"@id\":\"https:\\\/\\\/tpv-tenerife.com\\\/?product=cajon-portamonedas-46cm-vertical-negro#primaryimage\"},\"thumbnailUrl\":\"https:\\\/\\\/tpv-tenerife.com\\\/wp-content\\\/uploads\\\/2023\\\/09\\\/cajon-portamonedas-46cm-vertical-black2.webp\",\"datePublished\":\"2023-09-14T15:15:43+00:00\",\"dateModified\":\"2023-09-15T16:10:45+00:00\",\"description\":\"El caj\u00f3n portamonedas MK460 tiene un valor asequible sin comprometer la calidad y la confiabilidad.Su s\u00f3lida cubierta de acero y la irrompible gaveta de material pl\u00e1stico est\u00e1n dise\u00f1adas para cumplir con las necesidades de negocios.El MK460 cuenta con un mecanismo de cierre resistente.\",\"breadcrumb\":{\"@id\":\"https:\\\/\\\/tpv-tenerife.com\\\/?product=cajon-portamonedas-46cm-vertical-negro#breadcrumb\"},\"inLanguage\":\"es\",\"potentialAction\":[{\"@type\":\"ReadAction\",\"target\":[\"https:\\\/\\\/tpv-tenerife.com\\\/?product=cajon-portamonedas-46cm-vertical-negro\"]}]},{\"@type\":\"ImageObject\",\"inLanguage\":\"es\",\"@id\":\"https:\\\/\\\/tpv-tenerife.com\\\/?product=cajon-portamonedas-46cm-vertical-negro#primaryimage\",\"url\":\"https:\\\/\\\/tpv-tenerife.com\\\/wp-content\\\/uploads\\\/2023\\\/09\\\/cajon-portamonedas-46cm-vertical-black2.webp\",\"contentUrl\":\"https:\\\/\\\/tpv-tenerife.com\\\/wp-content\\\/uploads\\\/2023\\\/09\\\/cajon-portamonedas-46cm-vertical-black2.webp\",\"width\":800,\"height\":800,\"caption\":\"Caj\u00f3n Portamonedas 46cm Vertical negro\"},{\"@type\":\"BreadcrumbList\",\"@id\":\"https:\\\/\\\/tpv-tenerife.com\\\/?product=cajon-portamonedas-46cm-vertical-negro#breadcrumb\",\"itemListElement\":[{\"@type\":\"ListItem\",\"position\":1,\"name\":\"Inicio\",\"item\":\"https:\\\/\\\/tpv-tenerife.com\\\/\"},{\"@type\":\"ListItem\",\"position\":2,\"name\":\"Tienda\",\"item\":\"https:\\\/\\\/tpv-tenerife.com\\\/?page_id=208\"},{\"@type\":\"ListItem\",\"position\":3,\"name\":\"Caj\u00f3n Portamonedas 46cm Vertical negro\"}]},{\"@type\":\"WebSite\",\"@id\":\"https:\\\/\\\/tpv-tenerife.com\\\/#website\",\"url\":\"https:\\\/\\\/tpv-tenerife.com\\\/\",\"name\":\"TPV Tenerife\",\"description\":\"TPV Tenerife\",\"publisher\":{\"@id\":\"https:\\\/\\\/tpv-tenerife.com\\\/#organization\"},\"potentialAction\":[{\"@type\":\"SearchAction\",\"target\":{\"@type\":\"EntryPoint\",\"urlTemplate\":\"https:\\\/\\\/tpv-tenerife.com\\\/?s={search_term_string}\"},\"query-input\":{\"@type\":\"PropertyValueSpecification\",\"valueRequired\":true,\"valueName\":\"search_term_string\"}}],\"inLanguage\":\"es\"},{\"@type\":\"Organization\",\"@id\":\"https:\\\/\\\/tpv-tenerife.com\\\/#organization\",\"name\":\"TPV Tenerife\",\"alternateName\":\"Mega Ram - TPV Tenerife\",\"url\":\"https:\\\/\\\/tpv-tenerife.com\\\/\",\"logo\":{\"@type\":\"ImageObject\",\"inLanguage\":\"es\",\"@id\":\"https:\\\/\\\/tpv-tenerife.com\\\/#\\\/schema\\\/logo\\\/image\\\/\",\"url\":\"https:\\\/\\\/tpv-tenerife.com\\\/wp-content\\\/uploads\\\/2023\\\/07\\\/logo.webp\",\"contentUrl\":\"https:\\\/\\\/tpv-tenerife.com\\\/wp-content\\\/uploads\\\/2023\\\/07\\\/logo.webp\",\"width\":800,\"height\":247,\"caption\":\"TPV Tenerife\"},\"image\":{\"@id\":\"https:\\\/\\\/tpv-tenerife.com\\\/#\\\/schema\\\/logo\\\/image\\\/\"}}]}<\/script>\n<!-- \/ Yoast SEO plugin. -->","yoast_head_json":{"title":"Caj\u00f3n Portamonedas 46cm Vertical negro - TPV Tenerife","description":"El caj\u00f3n portamonedas MK460 tiene un valor asequible sin comprometer la calidad y la confiabilidad.Su s\u00f3lida cubierta de acero y la irrompible gaveta de material pl\u00e1stico est\u00e1n dise\u00f1adas para cumplir con las necesidades de negocios.El MK460 cuenta con un mecanismo de cierre resistente.","robots":{"index":"index","follow":"follow","max-snippet":"max-snippet:-1","max-image-preview":"max-image-preview:large","max-video-preview":"max-video-preview:-1"},"canonical":"https:\/\/tpv-tenerife.com\/?product=cajon-portamonedas-46cm-vertical-negro","og_locale":"es_ES","og_type":"article","og_title":"Caj\u00f3n Portamonedas 46cm Vertical negro - TPV Tenerife","og_description":"El caj\u00f3n portamonedas MK460 tiene un valor asequible sin comprometer la calidad y la confiabilidad.Su s\u00f3lida cubierta de acero y la irrompible gaveta de material pl\u00e1stico est\u00e1n dise\u00f1adas para cumplir con las necesidades de negocios.El MK460 cuenta con un mecanismo de cierre resistente.","og_url":"https:\/\/tpv-tenerife.com\/?product=cajon-portamonedas-46cm-vertical-negro","og_site_name":"TPV Tenerife","article_modified_time":"2023-09-15T16:10:45+00:00","og_image":[{"width":800,"height":800,"url":"https:\/\/tpv-tenerife.com\/wp-content\/uploads\/2023\/09\/cajon-portamonedas-46cm-vertical-black2.webp","type":"image\/webp"}],"twitter_card":"summary_large_image","twitter_misc":{"Tiempo de lectura":"1 minuto"},"schema":{"@context":"https:\/\/schema.org","@graph":[{"@type":"WebPage","@id":"https:\/\/tpv-tenerife.com\/?product=cajon-portamonedas-46cm-vertical-negro","url":"https:\/\/tpv-tenerife.com\/?product=cajon-portamonedas-46cm-vertical-negro","name":"Caj\u00f3n Portamonedas 46cm Vertical negro - TPV Tenerife","isPartOf":{"@id":"https:\/\/tpv-tenerife.com\/#website"},"primaryImageOfPage":{"@id":"https:\/\/tpv-tenerife.com\/?product=cajon-portamonedas-46cm-vertical-negro#primaryimage"},"image":{"@id":"https:\/\/tpv-tenerife.com\/?product=cajon-portamonedas-46cm-vertical-negro#primaryimage"},"thumbnailUrl":"https:\/\/tpv-tenerife.com\/wp-content\/uploads\/2023\/09\/cajon-portamonedas-46cm-vertical-black2.webp","datePublished":"2023-09-14T15:15:43+00:00","dateModified":"2023-09-15T16:10:45+00:00","description":"El caj\u00f3n portamonedas MK460 tiene un valor asequible sin comprometer la calidad y la confiabilidad.Su s\u00f3lida cubierta de acero y la irrompible gaveta de material pl\u00e1stico est\u00e1n dise\u00f1adas para cumplir con las necesidades de negocios.El MK460 cuenta con un mecanismo de cierre resistente.","breadcrumb":{"@id":"https:\/\/tpv-tenerife.com\/?product=cajon-portamonedas-46cm-vertical-negro#breadcrumb"},"inLanguage":"es","potentialAction":[{"@type":"ReadAction","target":["https:\/\/tpv-tenerife.com\/?product=cajon-portamonedas-46cm-vertical-negro"]}]},{"@type":"ImageObject","inLanguage":"es","@id":"https:\/\/tpv-tenerife.com\/?product=cajon-portamonedas-46cm-vertical-negro#primaryimage","url":"https:\/\/tpv-tenerife.com\/wp-content\/uploads\/2023\/09\/cajon-portamonedas-46cm-vertical-black2.webp","contentUrl":"https:\/\/tpv-tenerife.com\/wp-content\/uploads\/2023\/09\/cajon-portamonedas-46cm-vertical-black2.webp","width":800,"height":800,"caption":"Caj\u00f3n Portamonedas 46cm Vertical negro"},{"@type":"BreadcrumbList","@id":"https:\/\/tpv-tenerife.com\/?product=cajon-portamonedas-46cm-vertical-negro#breadcrumb","itemListElement":[{"@type":"ListItem","position":1,"name":"Inicio","item":"https:\/\/tpv-tenerife.com\/"},{"@type":"ListItem","position":2,"name":"Tienda","item":"https:\/\/tpv-tenerife.com\/?page_id=208"},{"@type":"ListItem","position":3,"name":"Caj\u00f3n Portamonedas 46cm Vertical negro"}]},{"@type":"WebSite","@id":"https:\/\/tpv-tenerife.com\/#website","url":"https:\/\/tpv-tenerife.com\/","name":"TPV Tenerife","description":"TPV Tenerife","publisher":{"@id":"https:\/\/tpv-tenerife.com\/#organization"},"potentialAction":[{"@type":"SearchAction","target":{"@type":"EntryPoint","urlTemplate":"https:\/\/tpv-tenerife.com\/?s={search_term_string}"},"query-input":{"@type":"PropertyValueSpecification","valueRequired":true,"valueName":"search_term_string"}}],"inLanguage":"es"},{"@type":"Organization","@id":"https:\/\/tpv-tenerife.com\/#organization","name":"TPV Tenerife","alternateName":"Mega Ram - TPV Tenerife","url":"https:\/\/tpv-tenerife.com\/","logo":{"@type":"ImageObject","inLanguage":"es","@id":"https:\/\/tpv-tenerife.com\/#\/schema\/logo\/image\/","url":"https:\/\/tpv-tenerife.com\/wp-content\/uploads\/2023\/07\/logo.webp","contentUrl":"https:\/\/tpv-tenerife.com\/wp-content\/uploads\/2023\/07\/logo.webp","width":800,"height":247,"caption":"TPV Tenerife"},"image":{"@id":"https:\/\/tpv-tenerife.com\/#\/schema\/logo\/image\/"}}]}},"_links":{"self":[{"href":"https:\/\/tpv-tenerife.com\/index.php?rest_route=\/wp\/v2\/product\/4816","targetHints":{"allow":["GET"]}}],"collection":[{"href":"https:\/\/tpv-tenerife.com\/index.php?rest_route=\/wp\/v2\/product"}],"about":[{"href":"https:\/\/tpv-tenerife.com\/index.php?rest_route=\/wp\/v2\/types\/product"}],"wp:featuredmedia":[{"embeddable":true,"href":"https:\/\/tpv-tenerife.com\/index.php?rest_route=\/wp\/v2\/media\/4817"}],"wp:attachment":[{"href":"https:\/\/tpv-tenerife.com\/index.php?rest_route=%2Fwp%2Fv2%2Fmedia&parent=4816"}],"wp:term":[{"taxonomy":"product_brand","embeddable":true,"href":"https:\/\/tpv-tenerife.com\/index.php?rest_route=%2Fwp%2Fv2%2Fproduct_brand&post=4816"},{"taxonomy":"product_cat","embeddable":true,"href":"https:\/\/tpv-tenerife.com\/index.php?rest_route=%2Fwp%2Fv2%2Fproduct_cat&post=4816"},{"taxonomy":"product_tag","embeddable":true,"href":"https:\/\/tpv-tenerife.com\/index.php?rest_route=%2Fwp%2Fv2%2Fproduct_tag&post=4816"}],"curies":[{"name":"wp","href":"https:\/\/api.w.org\/{rel}","templated":true}]}}